{"id":18093,"date":"2019-09-02T13:38:07","date_gmt":"2019-09-02T11:38:07","guid":{"rendered":"https:\/\/fud.ujep.cz\/?page_id=18093"},"modified":"2023-08-22T09:37:07","modified_gmt":"2023-08-22T07:37:07","slug":"projects","status":"publish","type":"page","link":"https:\/\/fud.ujep.cz\/en\/activities\/projects\/","title":{"rendered":"Projects"},"content":{"rendered":"<div id=\"pl-18093\"  class=\"panel-layout\" ><div id=\"pg-18093-0\"  class=\"panel-grid panel-no-style\" ><div id=\"pgc-18093-0-0\"  class=\"panel-grid-cell\" ><div id=\"panel-18093-0-0-0\" class=\"so-panel widget widget_sow-editor panel-first-child panel-last-child\" data-index=\"0\" ><div\n\t\t\t\n\t\t\tclass=\"so-widget-sow-editor so-widget-sow-editor-base\"\n\t\t\t\n\t\t><h3 class=\"widget-title text-\">Currently Ongoing Projects<\/h3>\n<div class=\"siteorigin-widget-tinymce textwidget\">\n\t<h4>2nd Round of the Internal Grants competition for the year 2023<\/h4>\n<p>The Dean of the Faculty announces the 2nd round of the Internal Grants Competition at the Faculty of Art and Design for the year 2023. These internal grants are intended to support the creative activities of members of the academic community at FUD. Once again, they are divided into two categories: academic and student.<\/p>\n<p>You can find the conditions for applying for the grant in the new Dean\u2019s&nbsp;Directive here (in Czech):<br \/>\n<strong><a href=\"https:\/\/fud.ujep.cz\/wp-content\/uploads\/2022\/02\/smernice-2-2022-tvurci-cinnost-1.pdf\" target=\"_blank\" rel=\"noopener\">Smernice-2-2022-tvurci-cinnost<\/a><\/strong><\/p>\n<p>You can apply&nbsp; between 1 September \u201330 September 2023.&nbsp;<\/p>\n<p>Electronic applications send to&nbsp;<a>&#122;i&#116;a&#46;sauero&#118;a&#64;uj&#101;p.cz<\/a>&nbsp;and in case of any doubts call on 721&nbsp;513&nbsp;474.<\/p>\n<p>For help in English contact&nbsp;<a>m&#97;&#114;keta&#46;&#99;&#104;a&#108;u&#112;ov&#97;&#64;uj&#101;&#112;&#46;&#99;&#122;<\/a>.&nbsp;<\/p>\n<p><a href=\"https:\/\/fud.ujep.cz\/wp-content\/uploads\/2022\/02\/prihlaska-vnitrniho-grantu-kategorie-akademicka.docx\" target=\"_blank\" rel=\"noopener\"><strong>Application form \u2013 Academic category<\/strong><\/a><\/p>\n<p><strong><a href=\"https:\/\/fud.ujep.cz\/wp-content\/uploads\/2022\/02\/prihlaska-vnitrniho-grantu-kategorie-studentska.docx\" target=\"_blank\" rel=\"noopener\">Application form \u2013 student category<\/a><\/strong><\/p>\n<\/div>\n<\/div><\/div><\/div><div id=\"pgc-18093-0-1\"  class=\"panel-grid-cell\" ><div id=\"panel-18093-0-1-0\" class=\"so-panel widget widget_sow-editor panel-first-child panel-last-child\" data-index=\"1\" ><div\n\t\t\t\n\t\t\tclass=\"so-widget-sow-editor so-widget-sow-editor-base\"\n\t\t\t\n\t\t><h3 class=\"widget-title text-\">Upcoming Projects<\/h3>\n<div class=\"siteorigin-widget-tinymce textwidget\">\n\t<p>You can find an overview of current project calls on the website of the UJEP Project Service Center, which releases an <a href=\"https:\/\/www.ujep.cz\/cs\/newsletter-cps\" target=\"_blank\" rel=\"noopener\">informational Newsletter<\/a> every month.&nbsp; If you have any questions, please feel free to contact us.<\/p>\n<p>You can work on project proposals and ideas at the Faculty's Project Department by individual arrangement, ideally at least one month before submitting an application or forming a&nbsp;partnership. The project proposal is entered into the UJEP project database in the IMIS system and requires approval from the university management. For more information, please contact Ad\u00e9la van Laanen and Eva Mr\u00e1zikov\u00e1.<\/p>\n<p>m\/&nbsp;<a>a&#100;&#101;&#108;&#97;.v&#97;&#110;laa&#110;&#101;&#110;&#64;&#117;j&#101;p&#46;c&#122;<\/a>,&nbsp;<a>&#101;&#118;&#97;&#46;m&#114;a&#122;&#105;k&#111;v&#97;&#64;&#117;&#106;e&#112;.c&#122;<\/a><br \/>\nt\/ 475&nbsp;28&nbsp;5124<\/p>\n<\/div>\n<\/div><\/div><\/div><\/div><div id=\"pg-18093-1\"  class=\"panel-grid panel-no-style\" ><div id=\"pgc-18093-1-0\"  class=\"panel-grid-cell\" ><div id=\"panel-18093-1-0-0\" class=\"so-panel widget widget_sow-editor panel-first-child panel-last-child\" data-index=\"2\" ><div\n\t\t\t\n\t\t\tclass=\"so-widget-sow-editor so-widget-sow-editor-base\"\n\t\t\t\n\t\t><h3 class=\"widget-title text-\">International Project \/ Zero Impact<\/h3>\n<div class=\"siteorigin-widget-tinymce textwidget\">\n\t<div class=\"siteorigin-widget-tinymce textwidget\">\n<p><a href=\"https:\/\/fud.ujep.cz\/en\/nulovy-dopad-zero-impact\/\" target=\"_blank\" rel=\"noopener\"><img loading=\"lazy\" decoding=\"async\" class=\"alignnone size-medium wp-image-18173\" src=\"https:\/\/fud.ujep.cz\/wp-content\/uploads\/2019\/09\/snimek-obrazovky-2019-09-02-v-17-35-47-2-768x434.png\" alt=\"\" width=\"768\" height=\"434\"\/><\/a><\/p>\n<p><a href=\"https:\/\/fud.ujep.cz\/en\/nulovy-dopad-zero-impact\/\" target=\"_blank\" rel=\"noopener\">\u2192<\/a><\/p>\n<\/div>\n<\/div>\n<\/div><\/div><\/div><div id=\"pgc-18093-1-1\"  class=\"panel-grid-cell\" ><div id=\"panel-18093-1-1-0\" class=\"so-panel widget widget_sow-editor panel-first-child panel-last-child\" data-index=\"3\" ><div\n\t\t\t\n\t\t\tclass=\"so-widget-sow-editor so-widget-sow-editor-base\"\n\t\t\t\n\t\t><h3 class=\"widget-title text-\">International Project \/ TICASS<\/h3>\n<div class=\"siteorigin-widget-tinymce textwidget\">\n\t<div class=\"siteorigin-widget-tinymce textwidget\">\n<p><a href=\"https:\/\/fud.ujep.cz\/tvurci-cinnost\/projekty\/ticass\/\" target=\"_blank\" rel=\"noopener noreferrer\"><img loading=\"lazy\" decoding=\"async\" class=\"alignnone size-medium wp-image-32327\" src=\"https:\/\/fud.ujep.cz\/wp-content\/uploads\/2020\/02\/768x432_pik_ticass_czech_republic_v2.cdr_-768x432.jpg\" alt=\"\" width=\"768\" height=\"432\"\/><\/a><\/p>\n<p><a href=\"https:\/\/fud.ujep.cz\/en\/activities\/projects\/ticass-project\/\" target=\"_blank\" rel=\"noopener\">\u2192<\/a><\/p>\n<\/div>\n<\/div>\n<\/div><\/div><\/div><div id=\"pgc-18093-1-2\"  class=\"panel-grid-cell\" ><div id=\"panel-18093-1-2-0\" class=\"so-panel widget widget_sow-editor panel-first-child panel-last-child\" data-index=\"4\" ><div\n\t\t\t\n\t\t\tclass=\"so-widget-sow-editor so-widget-sow-editor-base\"\n\t\t\t\n\t\t><h3 class=\"widget-title text-\">Mo(nu)mental topography<\/h3>\n<div class=\"siteorigin-widget-tinymce textwidget\">\n\t<div class=\"siteorigin-widget-tinymce textwidget\">\n<p><a href=\"https:\/\/fud.ujep.cz\/monumentalni-topografie-projekt\/\" target=\"_blank\" rel=\"noopener noreferrer\"><img loading=\"lazy\" decoding=\"async\" class=\"alignnone size-medium wp-image-17973\" src=\"https:\/\/fud.ujep.cz\/wp-content\/uploads\/2019\/08\/monotopo-web-768x432.jpg\" alt=\"\" width=\"768\" height=\"432\"\/><\/a><\/p>\n<p><a href=\"https:\/\/fud.ujep.cz\/monumentalni-topografie-projekt\/\" target=\"_blank\" rel=\"noopener\">\u2192<\/a><\/p>\n<\/div>\n<\/div>\n<\/div><\/div><\/div><div id=\"pgc-18093-1-3\"  class=\"panel-grid-cell\" ><div id=\"panel-18093-1-3-0\" class=\"so-panel widget widget_sow-editor panel-first-child panel-last-child\" data-index=\"5\" ><div\n\t\t\t\n\t\t\tclass=\"so-widget-sow-editor so-widget-sow-editor-base\"\n\t\t\t\n\t\t><h3 class=\"widget-title text-\">University of P\u0159edlice<\/h3>\n<div class=\"siteorigin-widget-tinymce textwidget\">\n\t<p><a title=\" https:\/\/fud.ujep.cz\/en\/university-predlice\/\" href=\"https:\/\/fud.ujep.cz\/en\/university-predlice\/\"><img loading=\"lazy\" decoding=\"async\" class=\"alignnone size-medium wp-image-18136\" src=\"https:\/\/fud.ujep.cz\/wp-content\/uploads\/2019\/09\/snimek-obrazovky-2019-09-02-v-17-36-00-768x432.png\" alt=\"\" width=\"768\" height=\"432\"\/><\/a><\/p>\n<p><a href=\"https:\/\/fud.ujep.cz\/en\/university-predlice\/\">\u2192<\/a><\/p>\n<\/div>\n<\/div><\/div><\/div><\/div><\/div>","protected":false},"excerpt":{"rendered":"<p>2nd Round of the Internal Grants competition for the year 2023 The Dean of the Faculty announces the 2nd round of the Internal Grants Competition at the Faculty of Art and Design for the year 2023. These internal grants are intended to support the creative activities of members of the academic community at FUD. Once [&hellip;]<\/p>\n","protected":false},"author":29,"featured_media":0,"parent":3219,"menu_order":0,"comment_status":"closed","ping_status":"closed","template":"","meta":{"_acf_changed":false,"ngg_post_thumbnail":0,"footnotes":""},"class_list":["post-18093","page","type-page","status-publish","hentry"],"acf":[],"_links":{"self":[{"href":"https:\/\/fud.ujep.cz\/en\/wp-json\/wp\/v2\/pages\/18093","targetHints":{"allow":["GET"]}}],"collection":[{"href":"https:\/\/fud.ujep.cz\/en\/wp-json\/wp\/v2\/pages"}],"about":[{"href":"https:\/\/fud.ujep.cz\/en\/wp-json\/wp\/v2\/types\/page"}],"author":[{"embeddable":true,"href":"https:\/\/fud.ujep.cz\/en\/wp-json\/wp\/v2\/users\/29"}],"replies":[{"embeddable":true,"href":"https:\/\/fud.ujep.cz\/en\/wp-json\/wp\/v2\/comments?post=18093"}],"version-history":[{"count":0,"href":"https:\/\/fud.ujep.cz\/en\/wp-json\/wp\/v2\/pages\/18093\/revisions"}],"up":[{"embeddable":true,"href":"https:\/\/fud.ujep.cz\/en\/wp-json\/wp\/v2\/pages\/3219"}],"wp:attachment":[{"href":"https:\/\/fud.ujep.cz\/en\/wp-json\/wp\/v2\/media?parent=18093"}],"curies":[{"name":"wp","href":"https:\/\/api.w.org\/{rel}","templated":true}]}}

<div id="pl-18093"  class="panel-layout" ><div id="pg-18093-0"  class="panel-grid panel-no-style" ><div id="pgc-18093-0-0"  class="panel-grid-cell" ><div id="panel-18093-0-0-0" class="so-panel widget widget_sow-editor panel-first-child panel-last-child" data-index="0" ><div
			
			class="so-widget-sow-editor so-widget-sow-editor-base"
			
		><h3 class="widget-title text-">Currently Ongoing Projects</h3>
<div class="siteorigin-widget-tinymce textwidget">
	<h4>2nd Round of the Internal Grants competition for the year 2023</h4>
<p>The Dean of the Faculty announces the 2nd round of the Internal Grants Competition at the Faculty of Art and Design for the year 2023. These internal grants are intended to support the creative activities of members of the academic community at FUD. Once again, they are divided into two categories: academic and student.</p>
<p>You can find the conditions for applying for the grant in the new Dean’s&nbsp;Directive here (in Czech):<br />
<strong><a href="https://fud.ujep.cz/wp-content/uploads/2022/02/smernice-2-2022-tvurci-cinnost-1.pdf" target="_blank" rel="noopener">Smernice-2-2022-tvurci-cinnost</a></strong></p>
<p>You can apply&nbsp; between 1 September –30 September 2023.&nbsp;</p>
<p>Electronic applications send to&nbsp;<a>&#122;i&#116;a&#46;sauero&#118;a&#64;uj&#101;p.cz</a>&nbsp;and in case of any doubts call on 721&nbsp;513&nbsp;474.</p>
<p>For help in English contact&nbsp;<a>m&#97;&#114;keta&#46;&#99;&#104;a&#108;u&#112;ov&#97;&#64;uj&#101;&#112;&#46;&#99;&#122;</a>.&nbsp;</p>
<p><a href="https://fud.ujep.cz/wp-content/uploads/2022/02/prihlaska-vnitrniho-grantu-kategorie-akademicka.docx" target="_blank" rel="noopener"><strong>Application form – Academic category</strong></a></p>
<p><strong><a href="https://fud.ujep.cz/wp-content/uploads/2022/02/prihlaska-vnitrniho-grantu-kategorie-studentska.docx" target="_blank" rel="noopener">Application form – student category</a></strong></p>
</div>
</div></div></div><div id="pgc-18093-0-1"  class="panel-grid-cell" ><div id="panel-18093-0-1-0" class="so-panel widget widget_sow-editor panel-first-child panel-last-child" data-index="1" ><div
			
			class="so-widget-sow-editor so-widget-sow-editor-base"
			
		><h3 class="widget-title text-">Upcoming Projects</h3>
<div class="siteorigin-widget-tinymce textwidget">
	<p>You can find an overview of current project calls on the website of the UJEP Project Service Center, which releases an <a href="https://www.ujep.cz/cs/newsletter-cps" target="_blank" rel="noopener">informational Newsletter</a> every month.&nbsp; If you have any questions, please feel free to contact us.</p>
<p>You can work on project proposals and ideas at the Faculty's Project Department by individual arrangement, ideally at least one month before submitting an application or forming a&nbsp;partnership. The project proposal is entered into the UJEP project database in the IMIS system and requires approval from the university management. For more information, please contact Adéla van Laanen and Eva Mráziková.</p>
<p>m/&nbsp;<a>a&#100;&#101;&#108;&#97;.v&#97;&#110;laa&#110;&#101;&#110;&#64;&#117;j&#101;p&#46;c&#122;</a>,&nbsp;<a>&#101;&#118;&#97;&#46;m&#114;a&#122;&#105;k&#111;v&#97;&#64;&#117;&#106;e&#112;.c&#122;</a><br />
t/ 475&nbsp;28&nbsp;5124</p>
</div>
</div></div></div></div><div id="pg-18093-1"  class="panel-grid panel-no-style" ><div id="pgc-18093-1-0"  class="panel-grid-cell" ><div id="panel-18093-1-0-0" class="so-panel widget widget_sow-editor panel-first-child panel-last-child" data-index="2" ><div
			
			class="so-widget-sow-editor so-widget-sow-editor-base"
			
		><h3 class="widget-title text-">International Project / Zero Impact</h3>
<div class="siteorigin-widget-tinymce textwidget">
	<div class="siteorigin-widget-tinymce textwidget">
<p><a href="https://fud.ujep.cz/en/nulovy-dopad-zero-impact/" target="_blank" rel="noopener"><img loading="lazy" decoding="async" class="alignnone size-medium wp-image-18173" src="https://fud.ujep.cz/wp-content/uploads/2019/09/snimek-obrazovky-2019-09-02-v-17-35-47-2-768x434.png" alt="" width="768" height="434"/></a></p>
<p><a href="https://fud.ujep.cz/en/nulovy-dopad-zero-impact/" target="_blank" rel="noopener">→</a></p>
</div>
</div>
</div></div></div><div id="pgc-18093-1-1"  class="panel-grid-cell" ><div id="panel-18093-1-1-0" class="so-panel widget widget_sow-editor panel-first-child panel-last-child" data-index="3" ><div
			
			class="so-widget-sow-editor so-widget-sow-editor-base"
			
		><h3 class="widget-title text-">International Project / TICASS</h3>
<div class="siteorigin-widget-tinymce textwidget">
	<div class="siteorigin-widget-tinymce textwidget">
<p><a href="https://fud.ujep.cz/tvurci-cinnost/projekty/ticass/" target="_blank" rel="noopener noreferrer"><img loading="lazy" decoding="async" class="alignnone size-medium wp-image-32327" src="https://fud.ujep.cz/wp-content/uploads/2020/02/768x432_pik_ticass_czech_republic_v2.cdr_-768x432.jpg" alt="" width="768" height="432"/></a></p>
<p><a href="https://fud.ujep.cz/en/activities/projects/ticass-project/" target="_blank" rel="noopener">→</a></p>
</div>
</div>
</div></div></div><div id="pgc-18093-1-2"  class="panel-grid-cell" ><div id="panel-18093-1-2-0" class="so-panel widget widget_sow-editor panel-first-child panel-last-child" data-index="4" ><div
			
			class="so-widget-sow-editor so-widget-sow-editor-base"
			
		><h3 class="widget-title text-">Mo(nu)mental topography</h3>
<div class="siteorigin-widget-tinymce textwidget">
	<div class="siteorigin-widget-tinymce textwidget">
<p><a href="https://fud.ujep.cz/monumentalni-topografie-projekt/" target="_blank" rel="noopener noreferrer"><img loading="lazy" decoding="async" class="alignnone size-medium wp-image-17973" src="https://fud.ujep.cz/wp-content/uploads/2019/08/monotopo-web-768x432.jpg" alt="" width="768" height="432"/></a></p>
<p><a href="https://fud.ujep.cz/monumentalni-topografie-projekt/" target="_blank" rel="noopener">→</a></p>
</div>
</div>
</div></div></div><div id="pgc-18093-1-3"  class="panel-grid-cell" ><div id="panel-18093-1-3-0" class="so-panel widget widget_sow-editor panel-first-child panel-last-child" data-index="5" ><div
			
			class="so-widget-sow-editor so-widget-sow-editor-base"
			
		><h3 class="widget-title text-">University of Předlice</h3>
<div class="siteorigin-widget-tinymce textwidget">
	<p><a title=" https://fud.ujep.cz/en/university-predlice/" href="https://fud.ujep.cz/en/university-predlice/"><img loading="lazy" decoding="async" class="alignnone size-medium wp-image-18136" src="https://fud.ujep.cz/wp-content/uploads/2019/09/snimek-obrazovky-2019-09-02-v-17-36-00-768x432.png" alt="" width="768" height="432"/></a></p>
<p><a href="https://fud.ujep.cz/en/university-predlice/">→</a></p>
</div>
</div></div></div></div></div>
