{"id":59897,"date":"2022-09-06T09:17:56","date_gmt":"2022-09-06T07:17:56","guid":{"rendered":"https:\/\/fud.ujep.cz\/?page_id=59897"},"modified":"2022-09-06T09:22:45","modified_gmt":"2022-09-06T07:22:45","slug":"michal-kolecek","status":"publish","type":"page","link":"https:\/\/fud.ujep.cz\/en\/michal-kolecek\/","title":{"rendered":"Michal Kole\u010dek"},"content":{"rendered":"<div id=\"pl-59897\"  class=\"panel-layout\" ><div id=\"pg-59897-0\"  class=\"panel-grid panel-no-style\" ><div id=\"pgc-59897-0-0\"  class=\"panel-grid-cell\" ><div id=\"panel-59897-0-0-0\" class=\"so-panel widget widget_media_image panel-first-child panel-last-child\" data-index=\"0\" ><img loading=\"lazy\" decoding=\"async\" class=\"wp-image image \" src=\"https:\/\/fud.ujep.cz\/wp-content\/uploads\/2020\/02\/michal-kolecek-1-768x1152.jpg\" alt=\"\" width=\"853\" height=\"1280\" \/><\/div><\/div><div id=\"pgc-59897-0-1\"  class=\"panel-grid-cell\" ><div id=\"panel-59897-0-1-0\" class=\"so-panel widget widget_sow-editor panel-first-child panel-last-child\" data-index=\"1\" ><div\n\t\t\t\n\t\t\tclass=\"so-widget-sow-editor so-widget-sow-editor-base\"\n\t\t\t\n\t\t>\n<div class=\"siteorigin-widget-tinymce textwidget\">\n\t<p><strong>Prof. Mgr. Michal KOLE\u010cEK, Ph.D.<\/strong>is a&nbsp;professor at the Department of History and Theory of Arts at Faculty of Art and Design at Jan Evangelista Purkyn\u011b University in \u00dast\u00ed nad Labem.<\/p>\n<p>Michal Kole\u010dek is a&nbsp;founder and guarantor of two-year master degree in Curatorial Studies and at the same time the Head of Department of History and Theory of Arts at Faculty of Art and Design UJEP where this course is successfully taught since 2007. Michal Kole\u010dek is also the guarantor and chairman of Subject-Area Board of the doctoral study programme in Visual Communication at Faculty of Art and Design UJEP.<\/p>\n<p>Furthermore, Michal Kole\u010dek is a&nbsp;member of the scientific and art committees at Faculty of Fine Arts and Music at University of Ostrava and at Faculty of Education at UJEP in \u00dast\u00ed nad Labem, a&nbsp;member of Subject-Area Board of doctoral studies at Faculty of Fine Arts at Brno University of Technology and at last, at the Faculty of Education at Masaryk University in Brno.<\/p>\n<p>Michal Kole\u010dek deals with the history and theory of fine art and design with a&nbsp;focus on the issue of contemporary artistic expressions; curatorial studies focusing on the development of methods of contemporary curatorial practice and the socialisation of contemporary art. In the academic journals published in the Czech Republic and abroad, he mainly focuses on theoretical reflection of the latest movements on the Czech and Central European art scene with an emphasis on art working with a&nbsp;specific social context and using various tendencies of participation, performance and cooperation, at the same time placing these movements in a&nbsp;wider socio-cultural framework. His publications include:<\/p>\n<p>KOLE\u010cEK, M. (ed.): <em>Mo(nu)ment\u00e1ln\u00ed topografie.<\/em> \u00dast\u00ed nad Labem: FUD UJEP, 2019, ISBN 978-80-7561-221-2<em>.<\/em><\/p>\n<p>KOLE\u010cEK, M. (ed.): <em>In Their Eyes.<\/em> \u00dast\u00ed nad Labem: FUD UJEP; Rijeka: Museum of Modern and Contemporary Art, 2017, ISBN 97880-7561-095-9.<\/p>\n<p>KOLE\u010cEK, M.: <em>Interi\u00e9ry du\u0161e.<\/em> Plze\u0148: Z\u00e1pado\u010desk\u00e1 galerie v&nbsp;Plzni, 2017, ISBN 978-80-88027-16-4.<\/p>\n<p>KOLE\u010cEK, M. (ed.): <em>Ze st\u0159edu ven. Um\u011bn\u00ed region\u016f 1985<\/em>\u2212<em>2010. <\/em>\u00dast\u00ed nad Labem: FUD UJEP, 2014, 376 stran; ISBN 978-80-7414-786-9.<\/p>\n<p>In the years 1993-2000, Michal Kole\u010dek was the director of the Gallery of Emil Filla in \u00dast\u00ed nad Labem; in the years 1998-2000, he was the curator of the Soros Center for Contemporary Art Prague and in the years 2000-2002, he was the curator of V\u00e1clav \u0160p\u00e1la Gallery in Prague. In the years 2022-2003, he worked as a&nbsp;curator of Collection of Modern and Contemporary Art. In 2003, Michal Kole\u010dek was the curator of Czech and Slovak Pavilion in the 50<sup>th<\/sup> Venice Biennale in Venice. He has been a&nbsp;director and the main curator of the \u00dast\u00ed nad Labem House of Arts since 2016. He has been working as a&nbsp;main curator in the project LUNGOMARE ART in the programme RIJEKA 2020 \u2013 European Capital of Culture (Croatia).<\/p>\n<p>Michal Kole\u010dek as a&nbsp;hosted curator in exhibition projects cooperated with National Gallery Prague, Prague City Gallery, House of Arts in Brno, The Gallery of West Bohemia in Pilsen, Gallery of the Central Bohemian Region in Kutn\u00e1 Hora, Gallery of Fine Art in the North Bohemian Region in Litom\u011b\u0159ice, Centre of Contemporary Art DOX in Prague. In abroad these are Chelsea Art Museum (New York, USA), Galerie f\u00fcr Zeitgen\u00f6ssische Kunst (Leipzig, Germany), Kunst im \u0150ffentlichen Raum (Vienna, Austria), Museum of Modern and Contemporary Art (Rijeka, Croatia), Pori Art Museum (Finland), Kunsthalle Ko\u0161ice (Slovakia), M\u00fccsarnok \/ Kunsthalle Budapest (Hungary), Galeria Arsena\u0142 (Bia\u0142ystok, Poland), TRAFO (Szczecin, Poland), Kunstmuseum Thun (Switzerland) etc.<\/p>\n<p><strong>Contact:<br \/>\n<a title=\"m&#105;&#99;&#104;al&#46;k&#111;le&#99;e&#107;&#64;uj&#101;&#112;.cz\">m&#105;&#99;&#104;al.&#107;ol&#101;&#99;ek&#64;ujep.c&#122;<\/a><\/strong><\/p>\n<\/div>\n<\/div><\/div><\/div><\/div><\/div>","protected":false},"excerpt":{"rendered":"<p>Prof. Mgr. Michal KOLE\u010cEK, Ph.D.is a&nbsp;professor at the Department of History and Theory of Arts at Faculty of Art and Design at Jan Evangelista Purkyn\u011b University in \u00dast\u00ed nad Labem. Michal Kole\u010dek is a&nbsp;founder and guarantor of two-year master degree in Curatorial Studies and at the same time the Head of Department of [&hellip;]<\/p>\n","protected":false},"author":17,"featured_media":0,"parent":0,"menu_order":0,"comment_status":"closed","ping_status":"closed","template":"","meta":{"_acf_changed":false,"ngg_post_thumbnail":0,"footnotes":""},"class_list":["post-59897","page","type-page","status-publish","hentry"],"acf":[],"_links":{"self":[{"href":"https:\/\/fud.ujep.cz\/en\/wp-json\/wp\/v2\/pages\/59897","targetHints":{"allow":["GET"]}}],"collection":[{"href":"https:\/\/fud.ujep.cz\/en\/wp-json\/wp\/v2\/pages"}],"about":[{"href":"https:\/\/fud.ujep.cz\/en\/wp-json\/wp\/v2\/types\/page"}],"author":[{"embeddable":true,"href":"https:\/\/fud.ujep.cz\/en\/wp-json\/wp\/v2\/users\/17"}],"replies":[{"embeddable":true,"href":"https:\/\/fud.ujep.cz\/en\/wp-json\/wp\/v2\/comments?post=59897"}],"version-history":[{"count":0,"href":"https:\/\/fud.ujep.cz\/en\/wp-json\/wp\/v2\/pages\/59897\/revisions"}],"wp:attachment":[{"href":"https:\/\/fud.ujep.cz\/en\/wp-json\/wp\/v2\/media?parent=59897"}],"curies":[{"name":"wp","href":"https:\/\/api.w.org\/{rel}","templated":true}]}}

Michal Koleček

<div id="pl-59897"  class="panel-layout" ><div id="pg-59897-0"  class="panel-grid panel-no-style" ><div id="pgc-59897-0-0"  class="panel-grid-cell" ><div id="panel-59897-0-0-0" class="so-panel widget widget_media_image panel-first-child panel-last-child" data-index="0" ><img loading="lazy" decoding="async" class="wp-image image " src="https://fud.ujep.cz/wp-content/uploads/2020/02/michal-kolecek-1-768x1152.jpg" alt="" width="853" height="1280" /></div></div><div id="pgc-59897-0-1"  class="panel-grid-cell" ><div id="panel-59897-0-1-0" class="so-panel widget widget_sow-editor panel-first-child panel-last-child" data-index="1" ><div
			
			class="so-widget-sow-editor so-widget-sow-editor-base"
			
		>
<div class="siteorigin-widget-tinymce textwidget">
	<p><strong>Prof. Mgr. Michal KOLEČEK, Ph.D.</strong>is a&nbsp;professor at the Department of History and Theory of Arts at Faculty of Art and Design at Jan Evangelista Purkyně University in Ústí nad Labem.</p>
<p>Michal Koleček is a&nbsp;founder and guarantor of two-year master degree in Curatorial Studies and at the same time the Head of Department of History and Theory of Arts at Faculty of Art and Design UJEP where this course is successfully taught since 2007. Michal Koleček is also the guarantor and chairman of Subject-Area Board of the doctoral study programme in Visual Communication at Faculty of Art and Design UJEP.</p>
<p>Furthermore, Michal Koleček is a&nbsp;member of the scientific and art committees at Faculty of Fine Arts and Music at University of Ostrava and at Faculty of Education at UJEP in Ústí nad Labem, a&nbsp;member of Subject-Area Board of doctoral studies at Faculty of Fine Arts at Brno University of Technology and at last, at the Faculty of Education at Masaryk University in Brno.</p>
<p>Michal Koleček deals with the history and theory of fine art and design with a&nbsp;focus on the issue of contemporary artistic expressions; curatorial studies focusing on the development of methods of contemporary curatorial practice and the socialisation of contemporary art. In the academic journals published in the Czech Republic and abroad, he mainly focuses on theoretical reflection of the latest movements on the Czech and Central European art scene with an emphasis on art working with a&nbsp;specific social context and using various tendencies of participation, performance and cooperation, at the same time placing these movements in a&nbsp;wider socio-cultural framework. His publications include:</p>
<p>KOLEČEK, M. (ed.): <em>Mo(nu)mentální topografie.</em> Ústí nad Labem: FUD UJEP, 2019, ISBN 978-80-7561-221-2<em>.</em></p>
<p>KOLEČEK, M. (ed.): <em>In Their Eyes.</em> Ústí nad Labem: FUD UJEP; Rijeka: Museum of Modern and Contemporary Art, 2017, ISBN 97880-7561-095-9.</p>
<p>KOLEČEK, M.: <em>Interiéry duše.</em> Plzeň: Západočeská galerie v&nbsp;Plzni, 2017, ISBN 978-80-88027-16-4.</p>
<p>KOLEČEK, M. (ed.): <em>Ze středu ven. Umění regionů 1985</em>−<em>2010. </em>Ústí nad Labem: FUD UJEP, 2014, 376 stran; ISBN 978-80-7414-786-9.</p>
<p>In the years 1993-2000, Michal Koleček was the director of the Gallery of Emil Filla in Ústí nad Labem; in the years 1998-2000, he was the curator of the Soros Center for Contemporary Art Prague and in the years 2000-2002, he was the curator of Václav Špála Gallery in Prague. In the years 2022-2003, he worked as a&nbsp;curator of Collection of Modern and Contemporary Art. In 2003, Michal Koleček was the curator of Czech and Slovak Pavilion in the 50<sup>th</sup> Venice Biennale in Venice. He has been a&nbsp;director and the main curator of the Ústí nad Labem House of Arts since 2016. He has been working as a&nbsp;main curator in the project LUNGOMARE ART in the programme RIJEKA 2020 – European Capital of Culture (Croatia).</p>
<p>Michal Koleček as a&nbsp;hosted curator in exhibition projects cooperated with National Gallery Prague, Prague City Gallery, House of Arts in Brno, The Gallery of West Bohemia in Pilsen, Gallery of the Central Bohemian Region in Kutná Hora, Gallery of Fine Art in the North Bohemian Region in Litoměřice, Centre of Contemporary Art DOX in Prague. In abroad these are Chelsea Art Museum (New York, USA), Galerie für Zeitgenössische Kunst (Leipzig, Germany), Kunst im Őffentlichen Raum (Vienna, Austria), Museum of Modern and Contemporary Art (Rijeka, Croatia), Pori Art Museum (Finland), Kunsthalle Košice (Slovakia), Mücsarnok / Kunsthalle Budapest (Hungary), Galeria Arsenał (Białystok, Poland), TRAFO (Szczecin, Poland), Kunstmuseum Thun (Switzerland) etc.</p>
<p><strong>Contact:<br />
<a title="m&#105;&#99;&#104;al&#46;k&#111;le&#99;e&#107;&#64;uj&#101;&#112;.cz">m&#105;&#99;&#104;al.&#107;ol&#101;&#99;ek&#64;ujep.c&#122;</a></strong></p>
</div>
</div></div></div></div></div>

<p>Prof. Mgr. Michal KOLEČEK, Ph.D.is a&nbsp;professor at the Department of History and Theory of Arts at Faculty of Art and Design at Jan Evangelista Purkyně University in Ústí nad Labem. Michal Koleček is a&nbsp;founder and guarantor of two-year master degree in Curatorial Studies and at the same time the Head of Department of [&hellip;]</p>
