{"id":65720,"date":"2023-05-24T13:13:20","date_gmt":"2023-05-24T11:13:20","guid":{"rendered":"https:\/\/fud.ujep.cz\/?page_id=65720"},"modified":"2023-05-25T17:23:18","modified_gmt":"2023-05-25T15:23:18","slug":"diploma-exhibition-2023","status":"publish","type":"page","link":"https:\/\/fud.ujep.cz\/en\/diploma-exhibition-2023\/","title":{"rendered":"Diploma Exhibition 2023"},"content":{"rendered":"<div id=\"pl-65720\"  class=\"panel-layout\" ><div id=\"pg-65720-0\"  class=\"panel-grid panel-no-style\" ><div id=\"pgc-65720-0-0\"  class=\"panel-grid-cell\" ><div id=\"panel-65720-0-0-0\" class=\"so-panel widget widget_sow-editor panel-first-child panel-last-child\" data-index=\"0\" ><div\n\t\t\t\n\t\t\tclass=\"so-widget-sow-editor so-widget-sow-editor-base\"\n\t\t\t\n\t\t>\n<div class=\"siteorigin-widget-tinymce textwidget\">\n\t<p><img loading=\"lazy\" decoding=\"async\" class=\"alignnone size-medium wp-image-65535\" src=\"https:\/\/fud.ujep.cz\/wp-content\/uploads\/2023\/05\/d23-soc-1920x1050px-144dpi-1-1280x700.jpg\" alt=\"\" width=\"1280\" height=\"700\"\/><\/p>\n<\/div>\n<\/div><\/div><\/div><div id=\"pgc-65720-0-1\"  class=\"panel-grid-cell\" ><div id=\"panel-65720-0-1-0\" class=\"so-panel widget widget_sow-editor panel-first-child panel-last-child\" data-index=\"1\" ><div\n\t\t\t\n\t\t\tclass=\"so-widget-sow-editor so-widget-sow-editor-base\"\n\t\t\t\n\t\t>\n<div class=\"siteorigin-widget-tinymce textwidget\">\n\t<h3>25 May \u2013 29 June 2023<\/h3>\n<p>The Faculty of Art and Design at Jan Evangelista Purkyn\u011b University in \u00dast\u00ed nad Labem invites you to the exhibition of bachelor's and master's theses by its students.<\/p>\n<p><strong>The opening of the exhibitions will take place on Wednesday 24 May 2023, at 6:00 PM&nbsp;at House of Culture (D\u016fm kultury) in \u00dast\u00ed nad Labem.<\/strong><\/p>\n<p>The regular exhibition of graduate works will be held in two locations this time. <strong>Bachelor's theses will be displayed in the premises of the Faculty of Art and Design, while the master's theses can be viewed at the House of Culture.<\/strong> In this building from the 1960s, students <strong>from 16 studios<\/strong> <strong>at the Faculty of Art and Design<\/strong> will exhibit their works and interventions in various spaces, including the cloakroom, underground bunker, boxes, adjacent galleries, and the balcony of the main hall.<\/p>\n<p>For the Faculty of Art and Design, the relationship with the city itself, of which the school is a&nbsp;natural part, is important. This fact is reflected in the visual style of the exhibitions, inspired by city and institutional wayfinding systems, to establish a&nbsp;connection between the faculty and the city center, the exterior and the interior, what we perceive outside and experience inside. The motif of arrows and their variations serves as a&nbsp;reminder of the significant place and symbolizes connection or showing the way, which may be winding but always leads somewhere. This wayfinding system not only connects exhibition spaces but also connects the residents and visitors of \u00dast\u00ed nad Labem with the exhibiting students.<\/p>\n<\/div>\n<\/div><\/div><\/div><\/div><div id=\"pg-65720-1\"  class=\"panel-grid panel-no-style\" ><div id=\"pgc-65720-1-0\"  class=\"panel-grid-cell\" ><div id=\"panel-65720-1-0-0\" class=\"so-panel widget widget_sow-editor panel-first-child panel-last-child\" data-index=\"2\" ><div\n\t\t\t\n\t\t\tclass=\"so-widget-sow-editor so-widget-sow-editor-base\"\n\t\t\t\n\t\t>\n<div class=\"siteorigin-widget-tinymce textwidget\">\n\t<h4>FAD UJEP STUDIOS<\/h4>\n<p><a href=\"https:\/\/fud.ujep.cz\/en\/departments\/product-design\/\" target=\"_blank\" rel=\"noopener\">Product Design<\/a> \/&nbsp;<a href=\"https:\/\/fud.ujep.cz\/en\/departments\/interior-design\/\" target=\"_blank\" rel=\"noopener\">Interior Design<\/a> \/ <a href=\"https:\/\/fud.ujep.cz\/en\/departments\/ceramic-design\/\" target=\"_blank\" rel=\"noopener\">Ceramic Design&nbsp;<\/a>\/ <a href=\"https:\/\/fud.ujep.cz\/en\/departments\/fashion-and-textile-design\/\" target=\"_blank\" rel=\"noopener\">Fashion and Textile Design<\/a> \/ <a href=\"https:\/\/fud.ujep.cz\/en\/departments\/natural-materials\/\" target=\"_blank\" rel=\"noopener\">Natural Materials <\/a>\/ <a href=\"https:\/\/fud.ujep.cz\/en\/departments\/glass\/\" target=\"_blank\" rel=\"noopener\">Glass<\/a> \/ <a href=\"https:\/\/fud.ujep.cz\/en\/departments\/graphic-design-i\/\" target=\"_blank\" rel=\"noopener\">Graphic Design I&nbsp;<\/a>\/ <a href=\"https:\/\/fud.ujep.cz\/en\/departments\/graphic-design-ii\/\" target=\"_blank\" rel=\"noopener\">Graphic Design II<\/a> \/ <a href=\"https:\/\/fud.ujep.cz\/en\/departments\/visual-design\/\" target=\"_blank\" rel=\"noopener\">Visual Design \/<\/a> <a href=\"https:\/\/fud.ujep.cz\/en\/departments\/applied-photography\/\" target=\"_blank\" rel=\"noopener\">Applied Photography <\/a>\/ <a href=\"https:\/\/fud.ujep.cz\/en\/departments\/photography\/\" target=\"_blank\" rel=\"noopener\">Photography<\/a> \/&nbsp;<a href=\"https:\/\/fud.ujep.cz\/en\/departments\/fine-art\/\" target=\"_blank\" rel=\"noopener\">Fine Art \u2013 Photography&nbsp;<\/a>\/ <a href=\"https:\/\/fud.ujep.cz\/ateliery\/digitalni-media\/\">Digital Media<\/a> \/ <a href=\"https:\/\/fud.ujep.cz\/en\/departments\/digital-media\/\" target=\"_blank\" rel=\"noopener\">Interactive Media <\/a>\/ <a href=\"https:\/\/fud.ujep.cz\/en\/departments\/object-space-action\/\" target=\"_blank\" rel=\"noopener\">Object \u2014 Space \u2014 Action <\/a>\/ <a href=\"https:\/\/fud.ujep.cz\/en\/departments\/time-based-media\/\" target=\"_blank\" rel=\"noopener\">Time-Based Media<\/a><\/p>\n<p>Exhibition curators: David Ko\u0159\u00ednek a&nbsp;Nela Kuhnov\u00e1<br \/>\nVisual style of the exhibition: Michaela Labudov\u00e1 a&nbsp;Pavel Fri\u010d \u2013 Monsters<br \/>\nExhibition architects: Ji\u0159\u00ed Barto\u0161 a&nbsp;Robert Vlas\u00e1k<\/p>\n<div id='gallery-1' class='gallery wp-gallery galleryid-65720 gallery-columns-4 gallery-size-thumbnail masonry-grid'><figure class='gallery-item grid-item'>\n            <div class='gallery-icon landscape'>\n                <a href='https:\/\/fud.ujep.cz\/wp\/wp-content\/uploads\/2023\/05\/diplomky-22-zahajeni-16.jpg'><img loading=\"lazy\" decoding=\"async\" width=\"768\" height=\"480\" src=\"https:\/\/fud.ujep.cz\/wp\/wp-content\/uploads\/2023\/05\/diplomky-22-zahajeni-16-768x480.jpg\" class=\"attachment-thumbnail size-thumbnail\" alt=\"\" aria-describedby=\"gallery-1-65517\" \/><\/a>\n            <\/div>\n                <figcaption class='wp-caption-text gallery-caption' id='gallery-1-65517'>\n                DOPLOMKY 22\n                <\/figcaption><\/figure><figure class='gallery-item grid-item'>\n            <div class='gallery-icon landscape'>\n                <a href='https:\/\/fud.ujep.cz\/wp\/wp-content\/uploads\/2023\/05\/diplomky-obhajoby-08.jpg'><img loading=\"lazy\" decoding=\"async\" width=\"768\" height=\"480\" src=\"https:\/\/fud.ujep.cz\/wp\/wp-content\/uploads\/2023\/05\/diplomky-obhajoby-08-768x480.jpg\" class=\"attachment-thumbnail size-thumbnail\" alt=\"\" aria-describedby=\"gallery-1-65511\" \/><\/a>\n            <\/div>\n                <figcaption class='wp-caption-text gallery-caption' id='gallery-1-65511'>\n                DIPLOMKY 22\n                <\/figcaption><\/figure><figure class='gallery-item grid-item'>\n            <div class='gallery-icon portrait'>\n                <a href='https:\/\/fud.ujep.cz\/wp\/wp-content\/uploads\/2023\/05\/mix-13.jpg'><img loading=\"lazy\" decoding=\"async\" width=\"768\" height=\"480\" src=\"https:\/\/fud.ujep.cz\/wp\/wp-content\/uploads\/2023\/05\/mix-13-768x480.jpg\" class=\"attachment-thumbnail size-thumbnail\" alt=\"\" aria-describedby=\"gallery-1-65515\" \/><\/a>\n            <\/div>\n                <figcaption class='wp-caption-text gallery-caption' id='gallery-1-65515'>\n                DIPLOMKY 22\n                <\/figcaption><\/figure><figure class='gallery-item grid-item'>\n            <div class='gallery-icon landscape'>\n                <a href='https:\/\/fud.ujep.cz\/wp\/wp-content\/uploads\/2023\/05\/mix-16.jpg'><img loading=\"lazy\" decoding=\"async\" width=\"768\" height=\"480\" src=\"https:\/\/fud.ujep.cz\/wp\/wp-content\/uploads\/2023\/05\/mix-16-768x480.jpg\" class=\"attachment-thumbnail size-thumbnail\" alt=\"\" aria-describedby=\"gallery-1-65513\" \/><\/a>\n            <\/div>\n                <figcaption class='wp-caption-text gallery-caption' id='gallery-1-65513'>\n                DIPLOMKY 22\n                <\/figcaption><\/figure>\n        <\/div>\n\n<\/div>\n<\/div><\/div><\/div><\/div><div id=\"pg-65720-2\"  class=\"panel-grid panel-no-style\" ><div id=\"pgc-65720-2-0\"  class=\"panel-grid-cell\" ><div id=\"panel-65720-2-0-0\" class=\"so-panel widget widget_sow-editor panel-first-child panel-last-child\" data-index=\"3\" ><div\n\t\t\t\n\t\t\tclass=\"so-widget-sow-editor so-widget-sow-editor-base\"\n\t\t\t\n\t\t>\n<div class=\"siteorigin-widget-tinymce textwidget\">\n\t<h3>Master's theses \/ OPENING HOURS<\/h3>\n<p>25 May \u2013 29 June 2023<br \/>\nMo\u2013Tue: 10:00 AM \u2013 6:00 PM<\/p>\n<p>D\u016fm kultury<br \/>\nVelk\u00e1 Hradebn\u00ed 19<br \/>\n\u00dast\u00ed nad Labem<\/p>\n<p><iframe loading=\"lazy\" style=\"border: 0;\" src=\"https:\/\/www.google.com\/maps\/embed?pb=!1m18!1m12!1m3!1d2529.109489786792!2d14.03813552648327!3d50.66222762163331!2m3!1f0!2f0!3f0!3m2!1i1024!2i768!4f13.1!3m3!1m2!1s0x470984ac684806ff%3A0x4772f01487b7edae!2zRMWvbSBrdWx0dXJ5IMOac3TDrSBuYWQgTGFiZW0!5e0!3m2!1scs!2spt!4v1684080780320!5m2!1scs!2spt\" width=\"600\" height=\"350\" allowfullscreen=\"allowfullscreen\"><\/iframe><\/p>\n<\/div>\n<\/div><\/div><\/div><div id=\"pgc-65720-2-1\"  class=\"panel-grid-cell\" ><div id=\"panel-65720-2-1-0\" class=\"so-panel widget widget_sow-editor panel-first-child panel-last-child\" data-index=\"4\" ><div\n\t\t\t\n\t\t\tclass=\"so-widget-sow-editor so-widget-sow-editor-base\"\n\t\t\t\n\t\t>\n<div class=\"siteorigin-widget-tinymce textwidget\">\n\t<h3>Bachelor's Theses&nbsp; \/ OPENING HOURS<\/h3>\n<p>25 May \u2013 15 June 2023<br \/>\nMo\u2013Tue: 10:00 AM \u2013 6:00 PM<\/p>\n<p>Faculty of Art and Design<br \/>\nPasteurova 9<br \/>\n\u00dast\u00ed nad Labem<\/p>\n<h4><iframe loading=\"lazy\" style=\"border: 0;\" src=\"https:\/\/www.google.com\/maps\/embed?pb=!1m18!1m12!1m3!1d2528.913025472285!2d14.022152676483477!3d50.66587537163405!2m3!1f0!2f0!3f0!3m2!1i1024!2i768!4f13.1!3m3!1m2!1s0x470984b51dce5ab5%3A0xd4938f9969401c65!2sFakulta%20um%C4%9Bn%C3%AD%20a%20designu%20Univerzity%20Jana%20Evangelisty%20Purkyn%C4%9B!5e0!3m2!1scs!2spt!4v1684080849511!5m2!1scs!2spt\" width=\"600\" height=\"350\" allowfullscreen=\"allowfullscreen\" data-mce-fragment=\"1\"><\/iframe><\/h4>\n<\/div>\n<\/div><\/div><\/div><\/div><\/div>","protected":false},"excerpt":{"rendered":"<p>25 May \u2013 29 June 2023 The Faculty of Art and Design at Jan Evangelista Purkyn\u011b University in \u00dast\u00ed nad Labem invites you to the exhibition of bachelor&#8217;s&nbsp;and master&#8217;s&nbsp;theses by its students. The opening of the exhibitions will take place on Wednesday 24 May 2023, at 6:00 PM&nbsp;at House of Culture (D\u016fm [&hellip;]<\/p>\n","protected":false},"author":17,"featured_media":0,"parent":0,"menu_order":0,"comment_status":"closed","ping_status":"closed","template":"","meta":{"_acf_changed":false,"ngg_post_thumbnail":0,"footnotes":""},"class_list":["post-65720","page","type-page","status-publish","hentry"],"acf":[],"_links":{"self":[{"href":"https:\/\/fud.ujep.cz\/en\/wp-json\/wp\/v2\/pages\/65720","targetHints":{"allow":["GET"]}}],"collection":[{"href":"https:\/\/fud.ujep.cz\/en\/wp-json\/wp\/v2\/pages"}],"about":[{"href":"https:\/\/fud.ujep.cz\/en\/wp-json\/wp\/v2\/types\/page"}],"author":[{"embeddable":true,"href":"https:\/\/fud.ujep.cz\/en\/wp-json\/wp\/v2\/users\/17"}],"replies":[{"embeddable":true,"href":"https:\/\/fud.ujep.cz\/en\/wp-json\/wp\/v2\/comments?post=65720"}],"version-history":[{"count":0,"href":"https:\/\/fud.ujep.cz\/en\/wp-json\/wp\/v2\/pages\/65720\/revisions"}],"wp:attachment":[{"href":"https:\/\/fud.ujep.cz\/en\/wp-json\/wp\/v2\/media?parent=65720"}],"curies":[{"name":"wp","href":"https:\/\/api.w.org\/{rel}","templated":true}]}}

<div id="pl-65720"  class="panel-layout" ><div id="pg-65720-0"  class="panel-grid panel-no-style" ><div id="pgc-65720-0-0"  class="panel-grid-cell" ><div id="panel-65720-0-0-0" class="so-panel widget widget_sow-editor panel-first-child panel-last-child" data-index="0" ><div
			
			class="so-widget-sow-editor so-widget-sow-editor-base"
			
		>
<div class="siteorigin-widget-tinymce textwidget">
	<p><img loading="lazy" decoding="async" class="alignnone size-medium wp-image-65535" src="https://fud.ujep.cz/wp-content/uploads/2023/05/d23-soc-1920x1050px-144dpi-1-1280x700.jpg" alt="" width="1280" height="700"/></p>
</div>
</div></div></div><div id="pgc-65720-0-1"  class="panel-grid-cell" ><div id="panel-65720-0-1-0" class="so-panel widget widget_sow-editor panel-first-child panel-last-child" data-index="1" ><div
			
			class="so-widget-sow-editor so-widget-sow-editor-base"
			
		>
<div class="siteorigin-widget-tinymce textwidget">
	<h3>25 May – 29 June 2023</h3>
<p>The Faculty of Art and Design at Jan Evangelista Purkyně University in Ústí nad Labem invites you to the exhibition of bachelor's and master's theses by its students.</p>
<p><strong>The opening of the exhibitions will take place on Wednesday 24 May 2023, at 6:00 PM&nbsp;at House of Culture (Dům kultury) in Ústí nad Labem.</strong></p>
<p>The regular exhibition of graduate works will be held in two locations this time. <strong>Bachelor's theses will be displayed in the premises of the Faculty of Art and Design, while the master's theses can be viewed at the House of Culture.</strong> In this building from the 1960s, students <strong>from 16 studios</strong> <strong>at the Faculty of Art and Design</strong> will exhibit their works and interventions in various spaces, including the cloakroom, underground bunker, boxes, adjacent galleries, and the balcony of the main hall.</p>
<p>For the Faculty of Art and Design, the relationship with the city itself, of which the school is a&nbsp;natural part, is important. This fact is reflected in the visual style of the exhibitions, inspired by city and institutional wayfinding systems, to establish a&nbsp;connection between the faculty and the city center, the exterior and the interior, what we perceive outside and experience inside. The motif of arrows and their variations serves as a&nbsp;reminder of the significant place and symbolizes connection or showing the way, which may be winding but always leads somewhere. This wayfinding system not only connects exhibition spaces but also connects the residents and visitors of Ústí nad Labem with the exhibiting students.</p>
</div>
</div></div></div></div><div id="pg-65720-1"  class="panel-grid panel-no-style" ><div id="pgc-65720-1-0"  class="panel-grid-cell" ><div id="panel-65720-1-0-0" class="so-panel widget widget_sow-editor panel-first-child panel-last-child" data-index="2" ><div
			
			class="so-widget-sow-editor so-widget-sow-editor-base"
			
		>
<div class="siteorigin-widget-tinymce textwidget">
	<h4>FAD UJEP STUDIOS</h4>
<p><a href="https://fud.ujep.cz/en/departments/product-design/" target="_blank" rel="noopener">Product Design</a> /&nbsp;<a href="https://fud.ujep.cz/en/departments/interior-design/" target="_blank" rel="noopener">Interior Design</a> / <a href="https://fud.ujep.cz/en/departments/ceramic-design/" target="_blank" rel="noopener">Ceramic Design&nbsp;</a>/ <a href="https://fud.ujep.cz/en/departments/fashion-and-textile-design/" target="_blank" rel="noopener">Fashion and Textile Design</a> / <a href="https://fud.ujep.cz/en/departments/natural-materials/" target="_blank" rel="noopener">Natural Materials </a>/ <a href="https://fud.ujep.cz/en/departments/glass/" target="_blank" rel="noopener">Glass</a> / <a href="https://fud.ujep.cz/en/departments/graphic-design-i/" target="_blank" rel="noopener">Graphic Design I&nbsp;</a>/ <a href="https://fud.ujep.cz/en/departments/graphic-design-ii/" target="_blank" rel="noopener">Graphic Design II</a> / <a href="https://fud.ujep.cz/en/departments/visual-design/" target="_blank" rel="noopener">Visual Design /</a> <a href="https://fud.ujep.cz/en/departments/applied-photography/" target="_blank" rel="noopener">Applied Photography </a>/ <a href="https://fud.ujep.cz/en/departments/photography/" target="_blank" rel="noopener">Photography</a> /&nbsp;<a href="https://fud.ujep.cz/en/departments/fine-art/" target="_blank" rel="noopener">Fine Art – Photography&nbsp;</a>/ <a href="https://fud.ujep.cz/ateliery/digitalni-media/">Digital Media</a> / <a href="https://fud.ujep.cz/en/departments/digital-media/" target="_blank" rel="noopener">Interactive Media </a>/ <a href="https://fud.ujep.cz/en/departments/object-space-action/" target="_blank" rel="noopener">Object — Space — Action </a>/ <a href="https://fud.ujep.cz/en/departments/time-based-media/" target="_blank" rel="noopener">Time-Based Media</a></p>
<p>Exhibition curators: David Kořínek a&nbsp;Nela Kuhnová<br />
Visual style of the exhibition: Michaela Labudová a&nbsp;Pavel Frič – Monsters<br />
Exhibition architects: Jiří Bartoš a&nbsp;Robert Vlasák</p>
<div id='gallery-1' class='gallery wp-gallery galleryid-65720 gallery-columns-4 gallery-size-thumbnail masonry-grid'><figure class='gallery-item grid-item'>
            <div class='gallery-icon landscape'>
                <a href='https://fud.ujep.cz/wp/wp-content/uploads/2023/05/diplomky-22-zahajeni-16.jpg'><img loading="lazy" decoding="async" width="768" height="480" src="https://fud.ujep.cz/wp/wp-content/uploads/2023/05/diplomky-22-zahajeni-16-768x480.jpg" class="attachment-thumbnail size-thumbnail" alt="" aria-describedby="gallery-1-65517" /></a>
            </div>
                <figcaption class='wp-caption-text gallery-caption' id='gallery-1-65517'>
                DOPLOMKY 22
                </figcaption></figure><figure class='gallery-item grid-item'>
            <div class='gallery-icon landscape'>
                <a href='https://fud.ujep.cz/wp/wp-content/uploads/2023/05/diplomky-obhajoby-08.jpg'><img loading="lazy" decoding="async" width="768" height="480" src="https://fud.ujep.cz/wp/wp-content/uploads/2023/05/diplomky-obhajoby-08-768x480.jpg" class="attachment-thumbnail size-thumbnail" alt="" aria-describedby="gallery-1-65511" /></a>
            </div>
                <figcaption class='wp-caption-text gallery-caption' id='gallery-1-65511'>
                DIPLOMKY 22
                </figcaption></figure><figure class='gallery-item grid-item'>
            <div class='gallery-icon portrait'>
                <a href='https://fud.ujep.cz/wp/wp-content/uploads/2023/05/mix-13.jpg'><img loading="lazy" decoding="async" width="768" height="480" src="https://fud.ujep.cz/wp/wp-content/uploads/2023/05/mix-13-768x480.jpg" class="attachment-thumbnail size-thumbnail" alt="" aria-describedby="gallery-1-65515" /></a>
            </div>
                <figcaption class='wp-caption-text gallery-caption' id='gallery-1-65515'>
                DIPLOMKY 22
                </figcaption></figure><figure class='gallery-item grid-item'>
            <div class='gallery-icon landscape'>
                <a href='https://fud.ujep.cz/wp/wp-content/uploads/2023/05/mix-16.jpg'><img loading="lazy" decoding="async" width="768" height="480" src="https://fud.ujep.cz/wp/wp-content/uploads/2023/05/mix-16-768x480.jpg" class="attachment-thumbnail size-thumbnail" alt="" aria-describedby="gallery-1-65513" /></a>
            </div>
                <figcaption class='wp-caption-text gallery-caption' id='gallery-1-65513'>
                DIPLOMKY 22
                </figcaption></figure>
        </div>

</div>
</div></div></div></div><div id="pg-65720-2"  class="panel-grid panel-no-style" ><div id="pgc-65720-2-0"  class="panel-grid-cell" ><div id="panel-65720-2-0-0" class="so-panel widget widget_sow-editor panel-first-child panel-last-child" data-index="3" ><div
			
			class="so-widget-sow-editor so-widget-sow-editor-base"
			
		>
<div class="siteorigin-widget-tinymce textwidget">
	<h3>Master's theses / OPENING HOURS</h3>
<p>25 May – 29 June 2023<br />
Mo–Tue: 10:00 AM – 6:00 PM</p>
<p>Dům kultury<br />
Velká Hradební 19<br />
Ústí nad Labem</p>
<p><iframe loading="lazy" style="border: 0;" src="https://www.google.com/maps/embed?pb=!1m18!1m12!1m3!1d2529.109489786792!2d14.03813552648327!3d50.66222762163331!2m3!1f0!2f0!3f0!3m2!1i1024!2i768!4f13.1!3m3!1m2!1s0x470984ac684806ff%3A0x4772f01487b7edae!2zRMWvbSBrdWx0dXJ5IMOac3TDrSBuYWQgTGFiZW0!5e0!3m2!1scs!2spt!4v1684080780320!5m2!1scs!2spt" width="600" height="350" allowfullscreen="allowfullscreen"></iframe></p>
</div>
</div></div></div><div id="pgc-65720-2-1"  class="panel-grid-cell" ><div id="panel-65720-2-1-0" class="so-panel widget widget_sow-editor panel-first-child panel-last-child" data-index="4" ><div
			
			class="so-widget-sow-editor so-widget-sow-editor-base"
			
		>
<div class="siteorigin-widget-tinymce textwidget">
	<h3>Bachelor's Theses&nbsp; / OPENING HOURS</h3>
<p>25 May – 15 June 2023<br />
Mo–Tue: 10:00 AM – 6:00 PM</p>
<p>Faculty of Art and Design<br />
Pasteurova 9<br />
Ústí nad Labem</p>
<h4><iframe loading="lazy" style="border: 0;" src="https://www.google.com/maps/embed?pb=!1m18!1m12!1m3!1d2528.913025472285!2d14.022152676483477!3d50.66587537163405!2m3!1f0!2f0!3f0!3m2!1i1024!2i768!4f13.1!3m3!1m2!1s0x470984b51dce5ab5%3A0xd4938f9969401c65!2sFakulta%20um%C4%9Bn%C3%AD%20a%20designu%20Univerzity%20Jana%20Evangelisty%20Purkyn%C4%9B!5e0!3m2!1scs!2spt!4v1684080849511!5m2!1scs!2spt" width="600" height="350" allowfullscreen="allowfullscreen" data-mce-fragment="1"></iframe></h4>
</div>
</div></div></div></div></div>

<p>25 May – 29 June 2023 The Faculty of Art and Design at Jan Evangelista Purkyně University in Ústí nad Labem invites you to the exhibition of bachelor&#8217;s&nbsp;and master&#8217;s&nbsp;theses by its students. The opening of the exhibitions will take place on Wednesday 24 May 2023, at 6:00 PM&nbsp;at House of Culture (Dům [&hellip;]</p>
