{"id":2985,"date":"2021-07-09T17:28:46","date_gmt":"2021-07-09T16:28:46","guid":{"rendered":"https:\/\/fud.ujep.cz\/sites\/digitalni-media\/?post_type=report&#038;p=2985"},"modified":"2021-08-03T18:53:07","modified_gmt":"2021-08-03T17:53:07","slug":"vystava-umeni-ocenovat-spolecnost-jndricha-chalupeckeho-2021","status":"publish","type":"report","link":"https:\/\/fud.ujep.cz\/sites\/digitalni-media\/report\/vystava-umeni-ocenovat-spolecnost-jndricha-chalupeckeho-2021\/","title":{"rendered":"V\u00fdstava Um\u011bn\u00ed oce\u0148ovat \u2013 Spole\u010dnost Jind\u0159icha Chalupeck\u00e9ho \u2013 2021"},"content":{"rendered":"<p>Ateli\u00e9r Digit\u00e1ln\u00ed m\u00e9dia byl p\u0159izv\u00e1n k \u00fa\u010dasti na v\u00fdstav\u011b Um\u011bn\u00ed oce\u0148ovat, kterou uspo\u0159\u00e1dala Spole\u010dnost Jind\u0159icha Chalupeck\u00e9ho v Modern\u00ed galerii AVU v Praze. Sv\u00e9 projekty zde p\u0159edstavili: Alexandra Nau\u0161ov\u00e1 a Petr Kub\u00e1\u010d, Terezie Adamov\u00e1 a Karol\u00edna Vot\u00fdpkov\u00e1, Hana Kok\u0161alov\u00e1. Vystavoval zde tak\u00e9 n\u00e1\u0161 absolvent a doktorand Martin Krupa.<\/p>\n<p><a href=\"https:\/\/www.sjch.cz\/umeni-ocenovat\/\">https:\/\/www.sjch.cz\/umeni-ocenovat\/<\/a><\/p>\n<p><a href=\"https:\/\/fud.ujep.cz\/sites\/digitalni-media\/wp-content\/uploads\/2021\/08\/umeni-ocenovat-plakat-2021.pdf\"><img loading=\"lazy\" decoding=\"async\" class=\"alignnone size-full wp-image-2992\" src=\"https:\/\/fud.ujep.cz\/sites\/digitalni-media\/wp-content\/uploads\/2021\/08\/umeni-ocenovat-plakat-2021.jpg\" alt=\"\" width=\"567\" height=\"820\" srcset=\"https:\/\/fud.ujep.cz\/sites\/digitalni-media\/wp-content\/uploads\/2021\/08\/umeni-ocenovat-plakat-2021.jpg 567w, https:\/\/fud.ujep.cz\/sites\/digitalni-media\/wp-content\/uploads\/2021\/08\/umeni-ocenovat-plakat-2021-52x75.jpg 52w, https:\/\/fud.ujep.cz\/sites\/digitalni-media\/wp-content\/uploads\/2021\/08\/umeni-ocenovat-plakat-2021-210x304.jpg 210w, https:\/\/fud.ujep.cz\/sites\/digitalni-media\/wp-content\/uploads\/2021\/08\/umeni-ocenovat-plakat-2021-415x600.jpg 415w\" sizes=\"auto, (max-width: 567px) 100vw, 567px\" \/><\/a><\/p>\n<p> <p><iframe loading=\"lazy\" src=\"https:\/\/player.vimeo.com\/video\/570284035?title=0&amp;byline=0&amp;portrait=0\" width=\"500\" height=\"284\" frameborder=\"0\" webkitAllowFullScreen mozallowfullscreen allowFullScreen><\/iframe><\/iframe><\/p> <\/p>\n<p> <p><iframe loading=\"lazy\" src=\"https:\/\/player.vimeo.com\/video\/575783340?title=0&amp;byline=0&amp;portrait=0\" width=\"500\" height=\"284\" frameborder=\"0\" webkitAllowFullScreen mozallowfullscreen allowFullScreen><\/iframe><\/iframe><\/p> <\/p>\n","protected":false},"template":"","class_list":["post-2985","report","type-report","status-publish","hentry"],"acf":[],"_links":{"self":[{"href":"https:\/\/fud.ujep.cz\/sites\/digitalni-media\/wp-json\/wp\/v2\/report\/2985","targetHints":{"allow":["GET"]}}],"collection":[{"href":"https:\/\/fud.ujep.cz\/sites\/digitalni-media\/wp-json\/wp\/v2\/report"}],"about":[{"href":"https:\/\/fud.ujep.cz\/sites\/digitalni-media\/wp-json\/wp\/v2\/types\/report"}],"wp:attachment":[{"href":"https:\/\/fud.ujep.cz\/sites\/digitalni-media\/wp-json\/wp\/v2\/media?parent=2985"}],"curies":[{"name":"wp","href":"https:\/\/api.w.org\/{rel}","templated":true}]}}

Výstava Umění oceňovat – Společnost Jindřicha Chalupeckého – 2021

<p>Ateliér Digitální média byl přizván k účasti na výstavě Umění oceňovat, kterou uspořádala Společnost Jindřicha Chalupeckého v Moderní galerii AVU v Praze. Své projekty zde představili: Alexandra Naušová a Petr Kubáč, Terezie Adamová a Karolína Votýpková, Hana Kokšalová. Vystavoval zde také náš absolvent a doktorand Martin Krupa.</p>
<p><a href="https://www.sjch.cz/umeni-ocenovat/">https://www.sjch.cz/umeni-ocenovat/</a></p>
<p><a href="https://fud.ujep.cz/sites/digitalni-media/wp-content/uploads/2021/08/umeni-ocenovat-plakat-2021.pdf"><img loading="lazy" decoding="async" class="alignnone size-full wp-image-2992" src="https://fud.ujep.cz/sites/digitalni-media/wp-content/uploads/2021/08/umeni-ocenovat-plakat-2021.jpg" alt="" width="567" height="820" srcset="https://fud.ujep.cz/sites/digitalni-media/wp-content/uploads/2021/08/umeni-ocenovat-plakat-2021.jpg 567w, https://fud.ujep.cz/sites/digitalni-media/wp-content/uploads/2021/08/umeni-ocenovat-plakat-2021-52x75.jpg 52w, https://fud.ujep.cz/sites/digitalni-media/wp-content/uploads/2021/08/umeni-ocenovat-plakat-2021-210x304.jpg 210w, https://fud.ujep.cz/sites/digitalni-media/wp-content/uploads/2021/08/umeni-ocenovat-plakat-2021-415x600.jpg 415w" sizes="auto, (max-width: 567px) 100vw, 567px" /></a></p>
<p> <p><iframe loading="lazy" src="https://player.vimeo.com/video/570284035?title=0&amp;byline=0&amp;portrait=0" width="500" height="284" frameborder="0" webkitAllowFullScreen mozallowfullscreen allowFullScreen></iframe></iframe></p> </p>
<p> <p><iframe loading="lazy" src="https://player.vimeo.com/video/575783340?title=0&amp;byline=0&amp;portrait=0" width="500" height="284" frameborder="0" webkitAllowFullScreen mozallowfullscreen allowFullScreen></iframe></iframe></p> </p>
