{"id":1306,"date":"2013-04-25T08:49:36","date_gmt":"2013-04-25T07:49:36","guid":{"rendered":"https:\/\/fud.ujep.cz\/sites\/digitalni-media\/?post_type=student&#038;p=1306"},"modified":"2020-01-10T23:49:16","modified_gmt":"2020-01-10T22:49:16","slug":"sylva-francova","status":"publish","type":"student","link":"https:\/\/fud.ujep.cz\/sites\/digitalni-media\/student\/sylva-francova\/","title":{"rendered":"Sylva Francov\u00e1 (absolventka)"},"content":{"rendered":"<p><strong>T\u00e9ma diserta\u010dn\u00ed pr\u00e1ce (pr\u00e1ce obh\u00e1jena v roce 2019):<\/strong> Autorsk\u00e1 kniha jako sv\u00e9bytn\u00e1 forma prezentace fotografick\u00e9ho projektu: sou\u010dasn\u00e9 trendy<\/p>\n<p><strong>Anotace diserta\u010dn\u00ed pr\u00e1ce:<\/strong><\/p>\n<p>V teoretick\u00e9 \u010d\u00e1sti se zam\u011b\u0159\u00edm na zmapov\u00e1n\u00ed r\u016fzn\u00fdch \u00a0forem fotografick\u00fdch knih a na jejich p\u0159\u00edkladech se pokus\u00edm uk\u00e1zat r\u016fzn\u00e9 pojet\u00ed prezentov\u00e1n\u00ed autorsk\u00e9 my\u0161lenky v r\u00e1mci sou\u010dasn\u00e9ho um\u011bn\u00ed v \u010cech\u00e1ch a ve st\u0159edoevropsk\u00e9m kontextu. Zaj\u00edm\u00e1 m\u011b, jak fotografick\u00e1 kniha se sv\u00fdm zam\u011b\u0159en\u00edm na individu\u00e1ln\u00edho div\u00e1ka\/\u010dten\u00e1\u0159e (perceptora) dok\u00e1\u017ee pracovat s \u010dasem a sv\u00fdm vymezen\u00fdm prostorem, jak skrze grafick\u00e9 \u0159e\u0161en\u00ed, pr\u00e1ci se skladbou fotografi\u00ed, jejich v\u00fdb\u011brem a re\u00e1lnou mat\u00e9ri\u00ed m\u011bn\u00ed sv\u00e9 p\u016fsoben\u00ed a vyzn\u011bn\u00ed. Velk\u00fd vliv na fotografick\u00e9 autorsk\u00e9 knihy m\u011blo v posledn\u00edch letech roz\u0161\u00ed\u0159en\u00ed digit\u00e1ln\u00edch technologi\u00ed a po\u010d\u00edta\u010dov\u00e9 techniky. Fotografick\u00e9 autorsk\u00e9 knihy vznikaj\u00ed vedle autorsk\u00fdch webov\u00fdch \u010di multimedi\u00e1ln\u00edch prezentac\u00ed, blog\u016f, den\u00edk\u016f ale i virtu\u00e1ln\u00edch osobn\u00edch a rodinn\u00fdch alb. R\u00e1da bych se v\u011bnovala vz\u00e1jemn\u00fdm vliv\u016fm a pror\u016fst\u00e1n\u00ed t\u011bchto forem a m\u00e9di\u00ed. Zaj\u00edm\u00e1 m\u011b vliv nap\u0159\u00edklad webov\u00fdch \u010di multimedi\u00e1ln\u00edch prezentac\u00ed na zp\u016fsob pojet\u00ed autorsk\u00fdch knih a vz\u00e1jemn\u00e9 p\u0159esahy t\u011bchto m\u00e9di\u00ed. V r\u00e1mci praktick\u00e9 \u010d\u00e1sti sv\u00e9 diserta\u010dn\u00ed pr\u00e1ce bych cht\u011bla vytvo\u0159it vlastn\u00ed autorskou fotografickou knihu a multimedi\u00e1ln\u00ed prezentaci.<\/p>\n<p>&nbsp;<\/p>\nngg_shortcode_0_placeholder\n<p><a href=\"https:\/\/fud.ujep.cz\/sites\/digitalni-media\/wp-content\/uploads\/2018\/08\/sylva-francova-duul-pozvanka-2018.pdf\">Pozv\u00e1nka<\/a><\/p>\n<p><a href=\"https:\/\/fud.ujep.cz\/sites\/digitalni-media\/wp-content\/uploads\/2018\/08\/sylva-francova-duul-tiskovka-2018.pdf\">Tiskov\u00e1 zpr\u00e1va<\/a><\/p>\n<p>&nbsp;<\/p>\n<p><a href=\"https:\/\/www.artalk.cz\/?s=sylva+francov%C3%A1\">www.artalk.cz<\/a><\/p>\n","protected":false},"excerpt":{"rendered":"<p>T\u00e9ma diserta\u010dn\u00ed pr\u00e1ce (pr\u00e1ce obh\u00e1jena v roce 2019): Autorsk\u00e1 kniha jako sv\u00e9bytn\u00e1 forma prezentace fotografick\u00e9ho projektu: sou\u010dasn\u00e9 trendy Anotace diserta\u010dn\u00ed pr\u00e1ce: V teoretick\u00e9 \u010d\u00e1sti se zam\u011b\u0159\u00edm na zmapov\u00e1n\u00ed r\u016fzn\u00fdch \u00a0forem fotografick\u00fdch knih a na jejich p\u0159\u00edkladech se pokus\u00edm uk\u00e1zat r\u016fzn\u00e9 pojet\u00ed prezentov\u00e1n\u00ed autorsk\u00e9 my\u0161lenky v r\u00e1mci sou\u010dasn\u00e9ho um\u011bn\u00ed v \u010cech\u00e1ch a ve st\u0159edoevropsk\u00e9m kontextu. Zaj\u00edm\u00e1 [&hellip;]<\/p>\n","protected":false},"featured_media":0,"template":"","meta":{"_acf_changed":false,"ngg_post_thumbnail":0},"rocnik":[16],"class_list":["post-1306","student","type-student","status-publish","hentry","rocnik-absolventi-a-studenti-doktorskeho-studia"],"acf":[],"_links":{"self":[{"href":"https:\/\/fud.ujep.cz\/sites\/digitalni-media\/wp-json\/wp\/v2\/student\/1306","targetHints":{"allow":["GET"]}}],"collection":[{"href":"https:\/\/fud.ujep.cz\/sites\/digitalni-media\/wp-json\/wp\/v2\/student"}],"about":[{"href":"https:\/\/fud.ujep.cz\/sites\/digitalni-media\/wp-json\/wp\/v2\/types\/student"}],"wp:attachment":[{"href":"https:\/\/fud.ujep.cz\/sites\/digitalni-media\/wp-json\/wp\/v2\/media?parent=1306"}],"wp:term":[{"taxonomy":"rocnik","embeddable":true,"href":"https:\/\/fud.ujep.cz\/sites\/digitalni-media\/wp-json\/wp\/v2\/rocnik?post=1306"}],"curies":[{"name":"wp","href":"https:\/\/api.w.org\/{rel}","templated":true}]}}

Sylva Francová (absolventka)

<p><strong>Téma disertační práce (práce obhájena v roce 2019):</strong> Autorská kniha jako svébytná forma prezentace fotografického projektu: současné trendy</p>
<p><strong>Anotace disertační práce:</strong></p>
<p>V teoretické části se zaměřím na zmapování různých  forem fotografických knih a na jejich příkladech se pokusím ukázat různé pojetí prezentování autorské myšlenky v rámci současného umění v Čechách a ve středoevropském kontextu. Zajímá mě, jak fotografická kniha se svým zaměřením na individuálního diváka/čtenáře (perceptora) dokáže pracovat s časem a svým vymezeným prostorem, jak skrze grafické řešení, práci se skladbou fotografií, jejich výběrem a reálnou matérií mění své působení a vyznění. Velký vliv na fotografické autorské knihy mělo v posledních letech rozšíření digitálních technologií a počítačové techniky. Fotografické autorské knihy vznikají vedle autorských webových či multimediálních prezentací, blogů, deníků ale i virtuálních osobních a rodinných alb. Ráda bych se věnovala vzájemným vlivům a prorůstání těchto forem a médií. Zajímá mě vliv například webových či multimediálních prezentací na způsob pojetí autorských knih a vzájemné přesahy těchto médií. V rámci praktické části své disertační práce bych chtěla vytvořit vlastní autorskou fotografickou knihu a multimediální prezentaci.</p>
<p>&nbsp;</p>
ngg_shortcode_0_placeholder
<p><a href="https://fud.ujep.cz/sites/digitalni-media/wp-content/uploads/2018/08/sylva-francova-duul-pozvanka-2018.pdf">Pozvánka</a></p>
<p><a href="https://fud.ujep.cz/sites/digitalni-media/wp-content/uploads/2018/08/sylva-francova-duul-tiskovka-2018.pdf">Tisková zpráva</a></p>
<p>&nbsp;</p>
<p><a href="https://www.artalk.cz/?s=sylva+francov%C3%A1">www.artalk.cz</a></p>

<p>Téma disertační práce (práce obhájena v roce 2019): Autorská kniha jako svébytná forma prezentace fotografického projektu: současné trendy Anotace disertační práce: V teoretické části se zaměřím na zmapování různých  forem fotografických knih a na jejich příkladech se pokusím ukázat různé pojetí prezentování autorské myšlenky v rámci současného umění v Čechách a ve středoevropském kontextu. Zajímá [&hellip;]</p>
