{"id":1382,"date":"2013-07-26T18:19:44","date_gmt":"2013-07-26T17:19:44","guid":{"rendered":"https:\/\/fud.ujep.cz\/sites\/digitalni-media\/?post_type=student&#038;p=1382"},"modified":"2019-07-31T10:42:47","modified_gmt":"2019-07-31T09:42:47","slug":"gabriela-krondakova","status":"publish","type":"student","link":"https:\/\/fud.ujep.cz\/sites\/digitalni-media\/student\/gabriela-krondakova\/","title":{"rendered":"Gabriela Kron\u010f\u00e1kov\u00e1"},"content":{"rendered":"<p>lemiga@volny.cz<\/p>\n<p> <p><iframe loading=\"lazy\" src=\"https:\/\/player.vimeo.com\/video\/131433912?title=0&amp;byline=0&amp;portrait=0\" width=\"500\" height=\"284\" frameborder=\"0\" webkitAllowFullScreen mozallowfullscreen allowFullScreen><\/iframe><\/iframe><\/p> <\/p>\n<p>Video p\u0159edstavuje rozhovor m\u00fdch prarodi\u010d\u016f, kte\u0159\u00ed spolu \u017eij\u00ed p\u0159es pades\u00e1t let. Oba maj\u00ed sv\u016fj sv\u011bt. Babi\u010dka se zab\u00fdv\u00e1 rodinou, jej\u00edmi \u010dleny a \u0159e\u0161\u00ed t\u00e9mata s rodinou spojen\u00e1. Na realitu nahl\u00ed\u017e\u00ed pragmaticky. D\u011bde\u010dek \u0159e\u0161\u00ed existenci\u00e1ln\u00ed ot\u00e1zky, nekone\u010d\u00adnost prostoru a vesm\u00edru. V\u00fdsledkem je jak\u00fdsi m\u00edjen\u00fd rozhovor, kter\u00fd se sna\u017e\u00ed postihnout jejich sou\u017eit\u00ed a komunikaci, ov\u0161em nesna\u017e\u00ed se situaci hodnotit n\u011bjak kriticky. Sp\u00ed\u0161e nahl\u00ed\u017e\u00edm na t\u00e9ma z\u00a0pohledu vz\u00e1jemn\u00e9 tolerance a pochopen\u00ed.<\/p>\n<p> <p><iframe loading=\"lazy\" src=\"https:\/\/player.vimeo.com\/video\/121245590?title=0&amp;byline=0&amp;portrait=0\" width=\"500\" height=\"284\" frameborder=\"0\" webkitAllowFullScreen mozallowfullscreen allowFullScreen><\/iframe><\/iframe><\/p> <\/p>\n<p>Sna\u017e\u00edm se zachytit nekone\u010dn\u00fd a neust\u00e1l\u00fd tok my\u0161lenek, z nich\u017e jen n\u011bkter\u00e9 jsou ty, kter\u00e9 si \u010dlov\u011bk pamatuje, jsou pro n\u011bj d\u016fle\u017eit\u00e9. Mozek neust\u00e1le pracuje, my\u0161lenky proud\u00ed a jej\u00edch spojen\u00edm a p\u0159ekryvem vznik\u00e1 jak\u00e1si mantra.<\/p>\n<p> <p><iframe loading=\"lazy\" src=\"https:\/\/player.vimeo.com\/video\/99241296?title=0&amp;byline=0&amp;portrait=0\" width=\"500\" height=\"284\" frameborder=\"0\" webkitAllowFullScreen mozallowfullscreen allowFullScreen><\/iframe><\/iframe><\/p> <\/p>\n<p>Cht\u011bla jsem zachytit vnit\u0159n\u00ed voln\u00fd monolog, neust\u00e1l\u00fd proud my\u0161len\u00ed. Jako akt\u00e9ry videa jsem vybrala sebe a moji sestru, kter\u00e1 je o \u0161est a p\u016fl roku mlad\u0161\u00ed ne\u017e j\u00e1. Sc\u00e9na zobrazuje na\u0161i spole\u010dnou vych\u00e1zku, tedy celkem ban\u00e1ln\u00ed \u010dinnost, do kter\u00e9 se prom\u00edtaj\u00ed m\u00e9 a sest\u0159iny vnit\u0159n\u00ed monology, kter\u00e9 vytv\u00e1\u0159ej\u00ed jakousi skrum\u00e1\u017e my\u0161lenek n\u00e1s obou v\u00a0dan\u00e9m okam\u017eiku.<\/p>\n<p> <p><iframe loading=\"lazy\" src=\"https:\/\/player.vimeo.com\/video\/87341584?title=0&amp;byline=0&amp;portrait=0\" width=\"500\" height=\"284\" frameborder=\"0\" webkitAllowFullScreen mozallowfullscreen allowFullScreen><\/iframe><\/iframe><\/p> <\/p>\n<p>Video je volnou asociac\u00ed na t\u00e9ma dech, proud\u011bn\u00ed vzduchu.<br \/>\nVzduch je t\u00e9m\u011b\u0159 pr\u016fhledn\u00fd, neviditeln\u00fd, nen\u00e1padn\u00fd.<br \/>\nVzduch m\u00e1 s\u00edlu vytv\u00e1\u0159et jemn\u00e9 chv\u011bn\u00ed okoln\u00edch v\u011bc\u00ed.<br \/>\nProud\u011bn\u00ed vzduchu dovnit\u0159.<br \/>\nD\u00fdch\u00e1n\u00ed je komunikace se v\u0161\u00edm, co je mimo t\u011blo.<br \/>\nPozoruji proud\u011bn\u00ed vzduchu.<br \/>\nPozoruji dech.<br \/>\n\u0160eptem odpo\u010d\u00edt\u00e1v\u00e1m dv\u011b minuty, kter\u00e9 ale neodpov\u00eddaj\u00ed re\u00e1ln\u00e9mu \u010dasu.<br \/>\nN\u011bkter\u00e9 sekundy jsou del\u0161\u00ed, nam\u00e1hav\u011bj\u0161\u00ed ne\u017e druh\u00e9.<br \/>\nD\u00fdch\u00e1n\u00ed je nam\u00e1hav\u00e9, z mal\u00e9ho kopce se st\u00e1v\u00e1 velik\u00e1 hora.<\/p>\nngg_shortcode_0_placeholder\n<p>&nbsp;<\/p>\n<p><strong>Spole\u010dn\u00e9 v\u00fdstavy:<br \/>\n<\/strong><\/p>\n<p><strong>2019<\/strong> Labyrinth, V\u00fdstava ateli\u00e9ru Digit\u00e1ln\u00ed m\u00e9dia FUD UJEP, Pragovka, Praha<\/p>\n<p><strong>2019 <\/strong>Diplomky 19, V\u00fdstava bakal\u00e1\u0159sk\u00fdch a diplomov\u00fdch prac\u00ed FUD UJEP, Galerie E. Filly, \u00dast\u00ed nad Labem<\/p>\n<p><strong>2017 <\/strong>Diplomky 17, V\u00fdstava bakal\u00e1\u0159sk\u00fdch a diplomov\u00fdch prac\u00ed FUD UJEP, Fakulta um\u011bn\u00ed a designu UJEP, \u00dast\u00ed nad Labem<\/p>\n<p><strong><strong>2014 <\/strong><\/strong>ART SAFARI 27, Studio Bubec, Praha<\/p>\n<p>&nbsp;<\/p>\n<p><strong>St\u00e1\u017ee:<\/strong><\/p>\n<p><strong>2018\/2019<\/strong> V\u0160UP, Praha (studijn\u00ed st\u00e1\u017e)<\/p>\n<p><strong>2017\/2018<\/strong> Fakulta um\u011bn\u00ed a designu UJEP \u2013 ateli\u00e9r Performance, \u00dast\u00ed nad Labem, letn\u00ed semestr (studijn\u00ed st\u00e1\u017e)<\/p>\n","protected":false},"excerpt":{"rendered":"<p>lemiga@volny.cz Video p\u0159edstavuje rozhovor m\u00fdch prarodi\u010d\u016f, kte\u0159\u00ed spolu \u017eij\u00ed p\u0159es pades\u00e1t let. Oba maj\u00ed sv\u016fj sv\u011bt. Babi\u010dka se zab\u00fdv\u00e1 rodinou, jej\u00edmi \u010dleny a \u0159e\u0161\u00ed t\u00e9mata s rodinou spojen\u00e1. Na realitu nahl\u00ed\u017e\u00ed pragmaticky. D\u011bde\u010dek \u0159e\u0161\u00ed existenci\u00e1ln\u00ed ot\u00e1zky, nekone\u010d\u00adnost prostoru a vesm\u00edru. V\u00fdsledkem je jak\u00fdsi m\u00edjen\u00fd rozhovor, kter\u00fd se sna\u017e\u00ed postihnout jejich sou\u017eit\u00ed a komunikaci, ov\u0161em nesna\u017e\u00ed [&hellip;]<\/p>\n","protected":false},"featured_media":0,"template":"","meta":{"_acf_changed":false,"ngg_post_thumbnail":0},"rocnik":[19],"class_list":["post-1382","student","type-student","status-publish","hentry","rocnik-absolventi-magisterskeho-studia"],"acf":[],"_links":{"self":[{"href":"https:\/\/fud.ujep.cz\/sites\/digitalni-media\/wp-json\/wp\/v2\/student\/1382","targetHints":{"allow":["GET"]}}],"collection":[{"href":"https:\/\/fud.ujep.cz\/sites\/digitalni-media\/wp-json\/wp\/v2\/student"}],"about":[{"href":"https:\/\/fud.ujep.cz\/sites\/digitalni-media\/wp-json\/wp\/v2\/types\/student"}],"wp:attachment":[{"href":"https:\/\/fud.ujep.cz\/sites\/digitalni-media\/wp-json\/wp\/v2\/media?parent=1382"}],"wp:term":[{"taxonomy":"rocnik","embeddable":true,"href":"https:\/\/fud.ujep.cz\/sites\/digitalni-media\/wp-json\/wp\/v2\/rocnik?post=1382"}],"curies":[{"name":"wp","href":"https:\/\/api.w.org\/{rel}","templated":true}]}}

Gabriela Kronďáková

<p>lemiga@volny.cz</p>
<p> <p><iframe loading="lazy" src="https://player.vimeo.com/video/131433912?title=0&amp;byline=0&amp;portrait=0" width="500" height="284" frameborder="0" webkitAllowFullScreen mozallowfullscreen allowFullScreen></iframe></iframe></p> </p>
<p>Video představuje rozhovor mých prarodičů, kteří spolu žijí přes padesát let. Oba mají svůj svět. Babička se zabývá rodinou, jejími členy a řeší témata s rodinou spojená. Na realitu nahlíží pragmaticky. Dědeček řeší existenciální otázky, nekoneč­nost prostoru a vesmíru. Výsledkem je jakýsi míjený rozhovor, který se snaží postihnout jejich soužití a komunikaci, ovšem nesnaží se situaci hodnotit nějak kriticky. Spíše nahlížím na téma z pohledu vzájemné tolerance a pochopení.</p>
<p> <p><iframe loading="lazy" src="https://player.vimeo.com/video/121245590?title=0&amp;byline=0&amp;portrait=0" width="500" height="284" frameborder="0" webkitAllowFullScreen mozallowfullscreen allowFullScreen></iframe></iframe></p> </p>
<p>Snažím se zachytit nekonečný a neustálý tok myšlenek, z nichž jen některé jsou ty, které si člověk pamatuje, jsou pro něj důležité. Mozek neustále pracuje, myšlenky proudí a jejích spojením a překryvem vzniká jakási mantra.</p>
<p> <p><iframe loading="lazy" src="https://player.vimeo.com/video/99241296?title=0&amp;byline=0&amp;portrait=0" width="500" height="284" frameborder="0" webkitAllowFullScreen mozallowfullscreen allowFullScreen></iframe></iframe></p> </p>
<p>Chtěla jsem zachytit vnitřní volný monolog, neustálý proud myšlení. Jako aktéry videa jsem vybrala sebe a moji sestru, která je o šest a půl roku mladší než já. Scéna zobrazuje naši společnou vycházku, tedy celkem banální činnost, do které se promítají mé a sestřiny vnitřní monology, které vytvářejí jakousi skrumáž myšlenek nás obou v daném okamžiku.</p>
<p> <p><iframe loading="lazy" src="https://player.vimeo.com/video/87341584?title=0&amp;byline=0&amp;portrait=0" width="500" height="284" frameborder="0" webkitAllowFullScreen mozallowfullscreen allowFullScreen></iframe></iframe></p> </p>
<p>Video je volnou asociací na téma dech, proudění vzduchu.<br />
Vzduch je téměř průhledný, neviditelný, nenápadný.<br />
Vzduch má sílu vytvářet jemné chvění okolních věcí.<br />
Proudění vzduchu dovnitř.<br />
Dýchání je komunikace se vším, co je mimo tělo.<br />
Pozoruji proudění vzduchu.<br />
Pozoruji dech.<br />
Šeptem odpočítávám dvě minuty, které ale neodpovídají reálnému času.<br />
Některé sekundy jsou delší, namáhavější než druhé.<br />
Dýchání je namáhavé, z malého kopce se stává veliká hora.</p>
ngg_shortcode_0_placeholder
<p>&nbsp;</p>
<p><strong>Společné výstavy:<br />
</strong></p>
<p><strong>2019</strong> Labyrinth, Výstava ateliéru Digitální média FUD UJEP, Pragovka, Praha</p>
<p><strong>2019 </strong>Diplomky 19, Výstava bakalářských a diplomových prací FUD UJEP, Galerie E. Filly, Ústí nad Labem</p>
<p><strong>2017 </strong>Diplomky 17, Výstava bakalářských a diplomových prací FUD UJEP, Fakulta umění a designu UJEP, Ústí nad Labem</p>
<p><strong><strong>2014 </strong></strong>ART SAFARI 27, Studio Bubec, Praha</p>
<p>&nbsp;</p>
<p><strong>Stáže:</strong></p>
<p><strong>2018/2019</strong> VŠUP, Praha (studijní stáž)</p>
<p><strong>2017/2018</strong> Fakulta umění a designu UJEP – ateliér Performance, Ústí nad Labem, letní semestr (studijní stáž)</p>

<p>lemiga@volny.cz Video představuje rozhovor mých prarodičů, kteří spolu žijí přes padesát let. Oba mají svůj svět. Babička se zabývá rodinou, jejími členy a řeší témata s rodinou spojená. Na realitu nahlíží pragmaticky. Dědeček řeší existenciální otázky, nekoneč­nost prostoru a vesmíru. Výsledkem je jakýsi míjený rozhovor, který se snaží postihnout jejich soužití a komunikaci, ovšem nesnaží [&hellip;]</p>
