{"id":2205,"date":"2017-09-05T12:32:49","date_gmt":"2017-09-05T11:32:49","guid":{"rendered":"https:\/\/fud.ujep.cz\/sites\/digitalni-media\/?post_type=student&#038;p=2205"},"modified":"2022-09-12T09:03:29","modified_gmt":"2022-09-12T08:03:29","slug":"simona-patelisova","status":"publish","type":"student","link":"https:\/\/fud.ujep.cz\/sites\/digitalni-media\/student\/simona-patelisova\/","title":{"rendered":"Simona Patelisov\u00e1"},"content":{"rendered":"<p><a href=\"mailto:simonapatelisova@protonmail.com\">simonapatelisova@protonmail.com<\/a><\/p>\n<p><a href=\"https:\/\/sperkcarbo.store\/\">https:\/\/sperkcarbo.store\/<\/a><\/p>\n<p> <p><iframe loading=\"lazy\" src=\"https:\/\/player.vimeo.com\/video\/437612790?title=0&amp;byline=0&amp;portrait=0\" width=\"500\" height=\"284\" frameborder=\"0\" webkitAllowFullScreen mozallowfullscreen allowFullScreen><\/iframe><\/iframe><\/p> <\/p>\n<p>Kr\u00e1tk\u00fd animovan\u00fd film Re-make vznikl v reakci na aktu\u00e1ln\u00ed celosv\u011btovou koronavirovou krizi, obzvl\u00e1\u0161t\u011b na situaci v \u010cesk\u00e9 republice, kde se nap\u0159\u00ed\u010d cel\u00fdm n\u00e1rodem zvedla ne\u010dekan\u00e1 vlna sjednocuj\u00edc\u00ed solidarity. Pr\u00e1ce vznikla po nucen\u00e9m n\u00e1vratu ze studijn\u00edho pobytu ve \u0160pan\u011blsku. (2020)<\/p>\n<p><a href=\"https:\/\/soundcloud.com\/digit-ln-m-dia-fud-ujep\/simona-patelisova-jako-vejce-vejci-2018-soucast-instalace\"><img loading=\"lazy\" decoding=\"async\" class=\"alignnone wp-image-2305\" src=\"https:\/\/fud.ujep.cz\/sites\/digitalni-media\/wp-content\/uploads\/2017\/09\/simona-patelisova.jpg\" alt=\"simona-patelisova\" width=\"500\" height=\"90\" srcset=\"https:\/\/fud.ujep.cz\/sites\/digitalni-media\/wp-content\/uploads\/2017\/09\/simona-patelisova.jpg 709w, https:\/\/fud.ujep.cz\/sites\/digitalni-media\/wp-content\/uploads\/2017\/09\/simona-patelisova-100x18.jpg 100w, https:\/\/fud.ujep.cz\/sites\/digitalni-media\/wp-content\/uploads\/2017\/09\/simona-patelisova-210x38.jpg 210w\" sizes=\"auto, (max-width: 500px) 100vw, 500px\" \/><\/a><\/p>\n<p>Nepopirateln\u00e1 podobnost sourozenc\u016f, vz\u00e1jemn\u00e9 ovliv\u0148ov\u00e1n\u00ed, snaha o kop\u00edrov\u00e1n\u00ed a p\u0159evt\u011blov\u00e1n\u00ed se jedna do druh\u00e9, ale i sentiment spole\u010dn\u00e9ho vyr\u016fst\u00e1n\u00ed m\u011b inspiroval ke t\u0159em v\u00fdstup\u016fm, do kter\u00fdch jsem zapojila i svoji sestru Helenu. Jako\u017eto mlad\u0161\u00ed d\u00edt\u011b jsem v\u017edy cht\u011bla b\u00fdt jako ona. Byla mi vzorem, a proto jsem se i te\u010f, jako tenkr\u00e1t, do n\u00ed lehce stylizovala. Pr\u00e1ci jsem postavila na tezi, \u017ee jsme se cel\u00fd \u017eivot se sestrou vz\u00e1jemn\u011b ovliv\u0148ovaly, a tak i jedna podle druh\u00e9 kultivovaly v\u0161echny na\u0161e projevy osobnosti: vzhled, mimiku, hlas i jeho jist\u00fd zp\u016fsob intonace \u010di dikce a rukopis. Zinscenovala jsem t\u0159i situace, d\u00edky kter\u00fdm m\u016f\u017ee div\u00e1k s\u00e1m porovnat na\u0161i vz\u00e1jemnou podobu \u010di p\u0159\u00edpadn\u00e9 odli\u0161nosti. Vzniklo tak video zam\u011b\u0159en\u00e9 na na\u0161e vizu\u00e1ln\u00ed detaily s jist\u00fdm nap\u011bt\u00edm, d\u00e1le pak zvukov\u00e1 nahr\u00e1vka se \u010dten\u00edm z obl\u00edben\u00e9 knihy v d\u011btstv\u00ed \u2013 dva samostatn\u00e9 hlasy jsou pak porovn\u00e1v\u00e1ny p\u0159ekryt\u00edm p\u0159es sebe \u2013 a nakonec jsem se zam\u011b\u0159ila i na na\u0161e p\u00edsmo v kr\u00e1tk\u00e9 vz\u00e1jemn\u00e9 korespondenci. (2018)<\/p>\nngg_shortcode_0_placeholder\n<p>&nbsp;<\/p>\n<p><strong>Spole\u010dn\u00e9 v\u00fdstavy:<\/strong><\/p>\n<p><strong>2021 <\/strong>Diplomky 21, V\u00fdstava bakal\u00e1\u0159sk\u00fdch a diplomov\u00fdch prac\u00ed FUD UJEP, Fakulta um\u011bn\u00ed a designu UJEP, \u00dast\u00ed nad Labem<\/p>\n<p><strong>2020 <\/strong>RE\u2013?, Karl\u00ednsk\u00e1 Invalidovna, Galerie 3Kur\u00e1torek, Praha<\/p>\n<p><strong>2019 <\/strong>Virtualita, Karl\u00ednsk\u00e1 Invalidovna, Praha<\/p>\n<p><strong>2019<\/strong> Labyrinth, V\u00fdstava ateli\u00e9ru Digit\u00e1ln\u00ed m\u00e9dia FUD UJEP, Pragovka, Praha<\/p>\n<p><strong>2018 <\/strong>Mo(nu)ment\u00e1ln\u00ed topografie, Topografie nad\u011bje &#8211; Crystallized, D\u016fm um\u011bn\u00ed \u00dast\u00ed nad Labem, \u00dast\u00ed nad Labem<\/p>\n<p><strong>2018 <\/strong>Mo(nu)ment\u00e1ln\u00ed topografie, Topografie budoucnosti &#8211; Design a um\u011bn\u00ed na cest\u011b, Muzeum m\u011bsta \u00dast\u00ed nad Labem, \u00dast\u00ed nad Labem<\/p>\n<p>&nbsp;<\/p>\n<p><strong>St\u00e1\u017ee:<\/strong><\/p>\n<p><strong>2019\/2020<\/strong> Universitat Polit\u00e9cnica de Valencia, \u0160pan\u011blsko (studijn\u00ed st\u00e1\u017e)<\/p>\n","protected":false},"excerpt":{"rendered":"<p>simonapatelisova@protonmail.com https:\/\/sperkcarbo.store\/ Kr\u00e1tk\u00fd animovan\u00fd film Re-make vznikl v reakci na aktu\u00e1ln\u00ed celosv\u011btovou koronavirovou krizi, obzvl\u00e1\u0161t\u011b na situaci v \u010cesk\u00e9 republice, kde se nap\u0159\u00ed\u010d cel\u00fdm n\u00e1rodem zvedla ne\u010dekan\u00e1 vlna sjednocuj\u00edc\u00ed solidarity. Pr\u00e1ce vznikla po nucen\u00e9m n\u00e1vratu ze studijn\u00edho pobytu ve \u0160pan\u011blsku. (2020) Nepopirateln\u00e1 podobnost sourozenc\u016f, vz\u00e1jemn\u00e9 ovliv\u0148ov\u00e1n\u00ed, snaha o kop\u00edrov\u00e1n\u00ed a p\u0159evt\u011blov\u00e1n\u00ed se jedna do druh\u00e9, [&hellip;]<\/p>\n","protected":false},"featured_media":0,"template":"","meta":{"_acf_changed":false,"ngg_post_thumbnail":0},"rocnik":[17],"class_list":["post-2205","student","type-student","status-publish","hentry","rocnik-absolventi-bakalarskeho-studia"],"acf":[],"_links":{"self":[{"href":"https:\/\/fud.ujep.cz\/sites\/digitalni-media\/wp-json\/wp\/v2\/student\/2205","targetHints":{"allow":["GET"]}}],"collection":[{"href":"https:\/\/fud.ujep.cz\/sites\/digitalni-media\/wp-json\/wp\/v2\/student"}],"about":[{"href":"https:\/\/fud.ujep.cz\/sites\/digitalni-media\/wp-json\/wp\/v2\/types\/student"}],"wp:attachment":[{"href":"https:\/\/fud.ujep.cz\/sites\/digitalni-media\/wp-json\/wp\/v2\/media?parent=2205"}],"wp:term":[{"taxonomy":"rocnik","embeddable":true,"href":"https:\/\/fud.ujep.cz\/sites\/digitalni-media\/wp-json\/wp\/v2\/rocnik?post=2205"}],"curies":[{"name":"wp","href":"https:\/\/api.w.org\/{rel}","templated":true}]}}

Simona Patelisová

<p><a href="mailto:simonapatelisova@protonmail.com">simonapatelisova@protonmail.com</a></p>
<p><a href="https://sperkcarbo.store/">https://sperkcarbo.store/</a></p>
<p> <p><iframe loading="lazy" src="https://player.vimeo.com/video/437612790?title=0&amp;byline=0&amp;portrait=0" width="500" height="284" frameborder="0" webkitAllowFullScreen mozallowfullscreen allowFullScreen></iframe></iframe></p> </p>
<p>Krátký animovaný film Re-make vznikl v reakci na aktuální celosvětovou koronavirovou krizi, obzvláště na situaci v České republice, kde se napříč celým národem zvedla nečekaná vlna sjednocující solidarity. Práce vznikla po nuceném návratu ze studijního pobytu ve Španělsku. (2020)</p>
<p><a href="https://soundcloud.com/digit-ln-m-dia-fud-ujep/simona-patelisova-jako-vejce-vejci-2018-soucast-instalace"><img loading="lazy" decoding="async" class="alignnone wp-image-2305" src="https://fud.ujep.cz/sites/digitalni-media/wp-content/uploads/2017/09/simona-patelisova.jpg" alt="simona-patelisova" width="500" height="90" srcset="https://fud.ujep.cz/sites/digitalni-media/wp-content/uploads/2017/09/simona-patelisova.jpg 709w, https://fud.ujep.cz/sites/digitalni-media/wp-content/uploads/2017/09/simona-patelisova-100x18.jpg 100w, https://fud.ujep.cz/sites/digitalni-media/wp-content/uploads/2017/09/simona-patelisova-210x38.jpg 210w" sizes="auto, (max-width: 500px) 100vw, 500px" /></a></p>
<p>Nepopiratelná podobnost sourozenců, vzájemné ovlivňování, snaha o kopírování a převtělování se jedna do druhé, ale i sentiment společného vyrůstání mě inspiroval ke třem výstupům, do kterých jsem zapojila i svoji sestru Helenu. Jakožto mladší dítě jsem vždy chtěla být jako ona. Byla mi vzorem, a proto jsem se i teď, jako tenkrát, do ní lehce stylizovala. Práci jsem postavila na tezi, že jsme se celý život se sestrou vzájemně ovlivňovaly, a tak i jedna podle druhé kultivovaly všechny naše projevy osobnosti: vzhled, mimiku, hlas i jeho jistý způsob intonace či dikce a rukopis. Zinscenovala jsem tři situace, díky kterým může divák sám porovnat naši vzájemnou podobu či případné odlišnosti. Vzniklo tak video zaměřené na naše vizuální detaily s jistým napětím, dále pak zvuková nahrávka se čtením z oblíbené knihy v dětství – dva samostatné hlasy jsou pak porovnávány překrytím přes sebe – a nakonec jsem se zaměřila i na naše písmo v krátké vzájemné korespondenci. (2018)</p>
ngg_shortcode_0_placeholder
<p>&nbsp;</p>
<p><strong>Společné výstavy:</strong></p>
<p><strong>2021 </strong>Diplomky 21, Výstava bakalářských a diplomových prací FUD UJEP, Fakulta umění a designu UJEP, Ústí nad Labem</p>
<p><strong>2020 </strong>RE–?, Karlínská Invalidovna, Galerie 3Kurátorek, Praha</p>
<p><strong>2019 </strong>Virtualita, Karlínská Invalidovna, Praha</p>
<p><strong>2019</strong> Labyrinth, Výstava ateliéru Digitální média FUD UJEP, Pragovka, Praha</p>
<p><strong>2018 </strong>Mo(nu)mentální topografie, Topografie naděje &#8211; Crystallized, Dům umění Ústí nad Labem, Ústí nad Labem</p>
<p><strong>2018 </strong>Mo(nu)mentální topografie, Topografie budoucnosti &#8211; Design a umění na cestě, Muzeum města Ústí nad Labem, Ústí nad Labem</p>
<p>&nbsp;</p>
<p><strong>Stáže:</strong></p>
<p><strong>2019/2020</strong> Universitat Politécnica de Valencia, Španělsko (studijní stáž)</p>

<p>simonapatelisova@protonmail.com https://sperkcarbo.store/ Krátký animovaný film Re-make vznikl v reakci na aktuální celosvětovou koronavirovou krizi, obzvláště na situaci v České republice, kde se napříč celým národem zvedla nečekaná vlna sjednocující solidarity. Práce vznikla po nuceném návratu ze studijního pobytu ve Španělsku. (2020) Nepopiratelná podobnost sourozenců, vzájemné ovlivňování, snaha o kopírování a převtělování se jedna do druhé, [&hellip;]</p>
