{"id":1459,"date":"2013-03-30T11:05:59","date_gmt":"2013-03-30T10:05:59","guid":{"rendered":"http:\/\/fud.ujep.cz\/fotografie\/?page_id=1459"},"modified":"2024-10-23T18:02:29","modified_gmt":"2024-10-23T17:02:29","slug":"o-atelieru","status":"publish","type":"page","link":"https:\/\/fud.ujep.cz\/sites\/fotografie\/o-atelieru\/","title":{"rendered":"O ateli\u00e9ru"},"content":{"rendered":"\n<div class=\"wp-block-image\"><figure class=\"aligncenter size-large\"><img loading=\"lazy\" decoding=\"async\" width=\"785\" height=\"641\" src=\"https:\/\/fud.ujep.cz\/sites\/fotografie\/wp-content\/uploads\/PK001-1-785x641.jpg\" alt=\"\" class=\"wp-image-3543\" srcset=\"https:\/\/fud.ujep.cz\/sites\/fotografie\/wp-content\/uploads\/PK001-1-785x641.jpg 785w, https:\/\/fud.ujep.cz\/sites\/fotografie\/wp-content\/uploads\/PK001-1-300x245.jpg 300w, https:\/\/fud.ujep.cz\/sites\/fotografie\/wp-content\/uploads\/PK001-1-768x628.jpg 768w, https:\/\/fud.ujep.cz\/sites\/fotografie\/wp-content\/uploads\/PK001-1-1536x1255.jpg 1536w, https:\/\/fud.ujep.cz\/sites\/fotografie\/wp-content\/uploads\/PK001-1-2048x1674.jpg 2048w\" sizes=\"auto, (max-width: 785px) 100vw, 785px\" \/><\/figure><\/div>\n\n\n<p style=\"text-align: justify;\"><span style=\"font-size: 13px;\"><strong>Ateli\u00e9r Fotografie<\/strong> na Fakult\u011b um\u011bn\u00ed a designu Univerzity Jana Evangelisty Purkyn\u011b v \u00dast\u00ed nad Labem byl zalo\u017een v roce 1994 profesorem Pavlem Ba\u0148kou. V sou\u010dasn\u00e9 dob\u011b je ateli\u00e9r Fotografie pod veden\u00edm Luk\u00e1\u0161e Jasansk\u00e9ho a odborn\u00e9 asistentky Silvie Milkov\u00e9. Studium v ateli\u00e9ru Fotografie prob\u00edh\u00e1 prezen\u010dn\u00ed formou na bakal\u00e1\u0159sk\u00e9 i magistersk\u00e9 \u00farovni. Koncep\u010dn\u011b se ateli\u00e9r zam\u011b\u0159uje nejen na reflexi v\u00fdvoje a tendenc\u00ed v oblasti fotografick\u00e9, ale p\u0159edev\u0161\u00edm na \u0161ir\u0161\u00ed ch\u00e1p\u00e1n\u00ed m\u00e9dia fotografie v kontextu sou\u010dasn\u00e9ho vizu\u00e1ln\u00edho um\u011bn\u00ed. <\/span><br \/><span style=\"font-size: 13px;\"><br \/>V r\u00e1mci voln\u00e9 tvorby studenti \u010dasto p\u0159ekra\u010duj\u00ed hranice fotografie jako takov\u00e9 a hledaj\u00ed nov\u00e9 cesty a inspira\u010dn\u00ed zdroje v oblasti dal\u0161\u00edch um\u011bleck\u00fdch obor\u016f. B\u011bhem studia je kladen d\u016fraz nejen na rozvoj kreativn\u00edch proces\u016f, ale rovn\u011b\u017e na zvl\u00e1dnut\u00ed fotografick\u00e9ho \u0159emesla. V\u00fduka je orientov\u00e1na na pr\u00e1ci analogov\u00fdmi postupy, tradi\u010dn\u00ed fotografick\u00e9 \u017e\u00e1nry spole\u010dn\u011b s digit\u00e1ln\u00edmi technologiemi a medi\u00e1ln\u00ed formou komunikace. Ateli\u00e9r se ka\u017edoro\u010dn\u011b \u00fa\u010dastn\u00ed mnoha v\u00fdstav a projekt\u016f v \u010cesk\u00e9 republice a zahrani\u010d\u00ed.<\/span><\/p>\n<p>\u00a0<\/p>\n<p style=\"text-align: justify;\"><span style=\"font-size: 13px;\"><br \/><strong>[en]<\/strong> Department of Photography at Faculty of Art and Design at University Jan Evangelista Purkyn\u011b in \u00dast\u00ed nad Labem, led by Luk\u00e1\u0161 Jasansk\u00fd, It has been established in 1994 by prof. Pavel Ba\u0148ka. We provide both Bachelor and Master level degree studies at daily basis. Studio focuses on reviewing of developement and contemporary tendencies in photography and its position among other media. During their studies, members of the studio are not limited by the means of photography, they can expand their works to the other fields of fine art, conceptual trends, performance or even further. Students are encouraged to master their creativity as well as the craft itself. Education is oriented around both analogue and digital principes, applied in visual communication. Every year, we take part in numerous contemporary projects and exhibitions.<\/span><\/p>\n<p><img loading=\"lazy\" decoding=\"async\" class=\"alignleft size-full wp-image-2834\" src=\"http:\/\/fud.ujep.cz\/fotografie\/wp-content\/uploads\/vedeni.jpg\" alt=\"Vedouc\u00ed ateli\u00e9ru\" width=\"456\" height=\"650\" srcset=\"https:\/\/fud.ujep.cz\/sites\/fotografie\/wp-content\/uploads\/vedeni.jpg 456w, https:\/\/fud.ujep.cz\/sites\/fotografie\/wp-content\/uploads\/vedeni-210x300.jpg 210w\" sizes=\"auto, (max-width: 456px) 100vw, 456px\" \/><\/p>\n<p><strong>vedouc\u00ed ateli\u00e9ru<\/strong><br \/>Luk\u00e1\u0161 Jasansk\u00fd<br \/><a href=\"mailto:l.l.jasansky@gmail.com\">l.l.jasansky@gmail.com<\/a><\/p>\n<p><strong>odborn\u00fd asistent<\/strong><br \/>MgA. Silvie Milkov\u00e1, PhD.<br \/><a href=\"mailto:silvie.milkova@gmail.com\">silvie.milkova@gmail.com<\/a><\/p>\n<p>ateli\u00e9r a kabinet \u010d. 418<br \/>tel: + 420 475\u00a0285 118<br \/>gsm: + 420 777\u00a0588 254<\/p>\n<p><a href=\"https:\/\/www.facebook.com\/Fotografie.fud\" target=\"_blank\" rel=\"noopener\"><br \/>Facebook Ateli\u00e9ru fotografie<\/a><br \/><a href=\"https:\/\/www.instagram.com\/fotografie.fud\/\" target=\"_blank\" rel=\"noopener\"><br \/>Instagram Ateli\u00e9ru fotografie<\/a><br \/><a href=\"https:\/\/vimeo.com\/user22030459\" target=\"_blank\" rel=\"noopener\"><br \/>Vimeo Ateli\u00e9ru fotografie<\/a><br \/><a href=\"http:\/\/fotografiefud.tumblr.com\/\" target=\"_blank\" rel=\"noopener\"><br \/>Tumblr Ateli\u00e9ru fotografie<\/a><\/p>\n<p><a href=\"http:\/\/fud.ujep.cz\/fotografie\/absolventi\/\"><br \/>Absolventi<\/a><\/p>\n<p><a href=\"http:\/\/fud.ujep.cz\/\" target=\"_blank\" rel=\"noopener\"><br \/>Web Fakulty um\u011bn\u00ed a designu<\/a><\/p>","protected":false},"excerpt":{"rendered":"<p>Ateli\u00e9r Fotografie na Fakult\u011b um\u011bn\u00ed a designu Univerzity Jana Evangelisty Purkyn\u011b v \u00dast\u00ed nad Labem byl zalo\u017een v roce 1994 profesorem Pavlem Ba\u0148kou. V sou\u010dasn\u00e9 dob\u011b je ateli\u00e9r Fotografie pod veden\u00edm Luk\u00e1\u0161e Jasansk\u00e9ho a odborn\u00e9 asistentky Silvie Milkov\u00e9. Studium v ateli\u00e9ru Fotografie prob\u00edh\u00e1 prezen\u010dn\u00ed formou na bakal\u00e1\u0159sk\u00e9 i magistersk\u00e9 \u00farovni. Koncep\u010dn\u011b se ateli\u00e9r zam\u011b\u0159uje nejen [&hellip;]<\/p>\n","protected":false},"author":1,"featured_media":0,"parent":0,"menu_order":0,"comment_status":"closed","ping_status":"closed","template":"","meta":{"footnotes":""},"class_list":["post-1459","page","type-page","status-publish","hentry"],"_links":{"self":[{"href":"https:\/\/fud.ujep.cz\/sites\/fotografie\/wp-json\/wp\/v2\/pages\/1459","targetHints":{"allow":["GET"]}}],"collection":[{"href":"https:\/\/fud.ujep.cz\/sites\/fotografie\/wp-json\/wp\/v2\/pages"}],"about":[{"href":"https:\/\/fud.ujep.cz\/sites\/fotografie\/wp-json\/wp\/v2\/types\/page"}],"author":[{"embeddable":true,"href":"https:\/\/fud.ujep.cz\/sites\/fotografie\/wp-json\/wp\/v2\/users\/1"}],"replies":[{"embeddable":true,"href":"https:\/\/fud.ujep.cz\/sites\/fotografie\/wp-json\/wp\/v2\/comments?post=1459"}],"version-history":[{"count":49,"href":"https:\/\/fud.ujep.cz\/sites\/fotografie\/wp-json\/wp\/v2\/pages\/1459\/revisions"}],"predecessor-version":[{"id":3544,"href":"https:\/\/fud.ujep.cz\/sites\/fotografie\/wp-json\/wp\/v2\/pages\/1459\/revisions\/3544"}],"wp:attachment":[{"href":"https:\/\/fud.ujep.cz\/sites\/fotografie\/wp-json\/wp\/v2\/media?parent=1459"}],"curies":[{"name":"wp","href":"https:\/\/api.w.org\/{rel}","templated":true}]}}

O ateliéru

<div class="wp-block-image"><figure class="aligncenter size-large"><img loading="lazy" decoding="async" width="785" height="641" src="https://fud.ujep.cz/sites/fotografie/wp-content/uploads/PK001-1-785x641.jpg" alt="" class="wp-image-3543" srcset="https://fud.ujep.cz/sites/fotografie/wp-content/uploads/PK001-1-785x641.jpg 785w, https://fud.ujep.cz/sites/fotografie/wp-content/uploads/PK001-1-300x245.jpg 300w, https://fud.ujep.cz/sites/fotografie/wp-content/uploads/PK001-1-768x628.jpg 768w, https://fud.ujep.cz/sites/fotografie/wp-content/uploads/PK001-1-1536x1255.jpg 1536w, https://fud.ujep.cz/sites/fotografie/wp-content/uploads/PK001-1-2048x1674.jpg 2048w" sizes="auto, (max-width: 785px) 100vw, 785px" /></figure></div>


<p style="text-align: justify;"><span style="font-size: 13px;"><strong>Ateliér Fotografie</strong> na Fakultě umění a designu Univerzity Jana Evangelisty Purkyně v Ústí nad Labem byl založen v roce 1994 profesorem Pavlem Baňkou. V současné době je ateliér Fotografie pod vedením Lukáše Jasanského a odborné asistentky Silvie Milkové. Studium v ateliéru Fotografie probíhá prezenční formou na bakalářské i magisterské úrovni. Koncepčně se ateliér zaměřuje nejen na reflexi vývoje a tendencí v oblasti fotografické, ale především na širší chápání média fotografie v kontextu současného vizuálního umění. </span><br /><span style="font-size: 13px;"><br />V rámci volné tvorby studenti často překračují hranice fotografie jako takové a hledají nové cesty a inspirační zdroje v oblasti dalších uměleckých oborů. Během studia je kladen důraz nejen na rozvoj kreativních procesů, ale rovněž na zvládnutí fotografického řemesla. Výuka je orientována na práci analogovými postupy, tradiční fotografické žánry společně s digitálními technologiemi a mediální formou komunikace. Ateliér se každoročně účastní mnoha výstav a projektů v České republice a zahraničí.</span></p>
<p> </p>
<p style="text-align: justify;"><span style="font-size: 13px;"><br /><strong>[en]</strong> Department of Photography at Faculty of Art and Design at University Jan Evangelista Purkyně in Ústí nad Labem, led by Lukáš Jasanský, It has been established in 1994 by prof. Pavel Baňka. We provide both Bachelor and Master level degree studies at daily basis. Studio focuses on reviewing of developement and contemporary tendencies in photography and its position among other media. During their studies, members of the studio are not limited by the means of photography, they can expand their works to the other fields of fine art, conceptual trends, performance or even further. Students are encouraged to master their creativity as well as the craft itself. Education is oriented around both analogue and digital principes, applied in visual communication. Every year, we take part in numerous contemporary projects and exhibitions.</span></p>
<p><img loading="lazy" decoding="async" class="alignleft size-full wp-image-2834" src="http://fud.ujep.cz/fotografie/wp-content/uploads/vedeni.jpg" alt="Vedoucí ateliéru" width="456" height="650" srcset="https://fud.ujep.cz/sites/fotografie/wp-content/uploads/vedeni.jpg 456w, https://fud.ujep.cz/sites/fotografie/wp-content/uploads/vedeni-210x300.jpg 210w" sizes="auto, (max-width: 456px) 100vw, 456px" /></p>
<p><strong>vedoucí ateliéru</strong><br />Lukáš Jasanský<br /><a href="mailto:l.l.jasansky@gmail.com">l.l.jasansky@gmail.com</a></p>
<p><strong>odborný asistent</strong><br />MgA. Silvie Milková, PhD.<br /><a href="mailto:silvie.milkova@gmail.com">silvie.milkova@gmail.com</a></p>
<p>ateliér a kabinet č. 418<br />tel: + 420 475 285 118<br />gsm: + 420 777 588 254</p>
<p><a href="https://www.facebook.com/Fotografie.fud" target="_blank" rel="noopener"><br />Facebook Ateliéru fotografie</a><br /><a href="https://www.instagram.com/fotografie.fud/" target="_blank" rel="noopener"><br />Instagram Ateliéru fotografie</a><br /><a href="https://vimeo.com/user22030459" target="_blank" rel="noopener"><br />Vimeo Ateliéru fotografie</a><br /><a href="http://fotografiefud.tumblr.com/" target="_blank" rel="noopener"><br />Tumblr Ateliéru fotografie</a></p>
<p><a href="http://fud.ujep.cz/fotografie/absolventi/"><br />Absolventi</a></p>
<p><a href="http://fud.ujep.cz/" target="_blank" rel="noopener"><br />Web Fakulty umění a designu</a></p>

<p>Ateliér Fotografie na Fakultě umění a designu Univerzity Jana Evangelisty Purkyně v Ústí nad Labem byl založen v roce 1994 profesorem Pavlem Baňkou. V současné době je ateliér Fotografie pod vedením Lukáše Jasanského a odborné asistentky Silvie Milkové. Studium v ateliéru Fotografie probíhá prezenční formou na bakalářské i magisterské úrovni. Koncepčně se ateliér zaměřuje nejen [&hellip;]</p>
