{"id":936,"date":"2010-11-03T13:10:01","date_gmt":"2010-11-03T12:10:01","guid":{"rendered":"http:\/\/fud.ujep.cz\/foto\/wp"},"modified":"2024-10-23T18:08:21","modified_gmt":"2024-10-23T17:08:21","slug":"absolventi","status":"publish","type":"page","link":"https:\/\/fud.ujep.cz\/sites\/fotografie\/absolventi\/","title":{"rendered":"Absolventi"},"content":{"rendered":"\n<div class=\"wp-block-group\"><div class=\"wp-block-group__inner-container is-layout-flow wp-block-group-is-layout-flow\">\n<p>Lucie Urban<\/p>\n<p>Magdalena Dubnov\u00e1<\/p>\n<p>Anna Min\u00e1\u0159ov\u00e1<\/p>\n<p>Tereza Jobov\u00e1<br \/><a href=\"https:\/\/fud.ujep.cz\/sites\/fotografie\/wp-content\/uploads\/Jobova.pdf\">Jobova<\/a><\/p>\n<p>Kate\u0159ina Nov\u00e1\u010dkov\u00e1<\/p>\n<p>Jarom\u00edr Harna<br \/>Web: <a href=\"https:\/\/www.jaromirharna.com\/\">jaromirharna.com<\/a><\/p>\n<p>Petr Kub\u00e1\u010d<br \/>Web: <a href=\"https:\/\/kubacpetr.cz\/\">kubacpetr.cz<\/a><\/p>\n<p>J\u00e1chym Myslivec<br \/><a href=\"https:\/\/fotografmagazine.cz\/magazine\/kontemplace\/profily\/jachym-myslivec\/\" target=\"_blank\" rel=\"noopener\">Magaz\u00edn Fotograf<\/a><\/p>\n<p>Tereza Kunderov\u00e1<br \/><a href=\"https:\/\/www.instagram.com\/pozdealeprece\/?hl=en\" target=\"_blank\" rel=\"noopener\">IG<\/a><\/p>\n<p>Tereza Bonaventurov\u00e1<br \/>Web: <a href=\"http:\/\/bonaventurova.com\/\" target=\"_blank\" rel=\"noopener\">bonaventurova.com<\/a><\/p>\n<p>Marie Fi\u0161erov\u00e1<br \/>Web: <a href=\"http:\/\/mariefiserova.cz\/\" target=\"_blank\" rel=\"noopener\">mariefiserova.cz<\/a><\/p>\n<p>Krist\u00fdn\u00e1 C\u00edsa\u0159ov\u00e1<br \/>Web: <a href=\"http:\/\/kristynacisarova.tumblr.com\/\" target=\"_blank\" rel=\"noopener\">kristynacisarova.tumblr.com<\/a><\/p>\n<p>Daniela \u0160r\u00e1mkov\u00e1<br \/><a href=\"http:\/\/fud.ujep.cz\/fotografie\/wp-content\/uploads\/DS-portfolio.pdf\" target=\"_blank\" rel=\"noopener\">Portfolio<\/a><\/p>\n<p>Pavel Matou\u0161ek<br \/>Web: <a href=\"https:\/\/pavelmatousek.cz\/\" target=\"_blank\" rel=\"noopener\">pavelmatousek.cz<\/a><\/p>\n<p>Al\u017eb\u011bta Ko\u010dvarov\u00e1<br \/>Web: <a href=\"http:\/\/alzbetakocvarova.com\/\" target=\"_blank\" rel=\"noopener\">alzbetakocvarova.com<\/a><\/p>\n<p>Mark\u00e9ta \u010cern\u00e1<br \/>Web: <a href=\"http:\/\/marketa-m-cerna.tumblr.com\/\" target=\"_blank\" rel=\"noopener\">marketa-m-cerna.tumblr.com<\/a><\/p>\n<p>Miroslav Chochl\u00edk<br \/>Web: <a href=\"http:\/\/miroslavch.blogspot.cz\/\" target=\"_blank\" rel=\"noopener\">miroslavch.blogspot.cz<\/a><\/p>\n<p>Franti\u0161ek Svato\u0161<br \/>Web: <a href=\"http:\/\/www.artmap.cz\/frantisek-svatos\" target=\"_blank\" rel=\"noopener\">www.artmap.cz\/frantisek-svatos<\/a><\/p>\n<p>Michal Koz\u00e1k<br \/>Web: <a href=\"http:\/\/kozakmichal.com\/\" target=\"_blank\" rel=\"noopener\">kozakmichal.com<\/a><\/p>\n<p>Eva Pacalov\u00e1<br \/>Web: <a href=\"http:\/\/www.yoyolo.cz\/\" target=\"_blank\" rel=\"noopener\">www.yoyolo.cz<\/a><\/p>\n<p>Nikola Malenov\u00e1<br \/>Web: <a href=\"http:\/\/nikolamalenova.tumblr.com\/\" target=\"_blank\" rel=\"noopener\">nikolamalenova.tumblr.com<\/a><\/p>\n<p>\u0160imon \u0160trba<br \/>Web: <a href=\"http:\/\/fotografgallery.cz\/simon-strba\/\" target=\"_blank\" rel=\"noopener\">fotografgallery.cz\/simon-strba<\/a><\/p>\n<p>Jakub \u010cervenka<br \/>Web: <a href=\"http:\/\/jakubcervenka.tumblr.com\/\" target=\"_blank\" rel=\"noopener\">jakubcervenka.tumblr.com<\/a><\/p>\n<p>Tom\u00e1\u0161 Lumpe<br \/>Web: <a href=\"http:\/\/fotolumpe.cz\/\" target=\"_blank\" rel=\"noopener\">fotolumpe.cz<\/a><\/p>\n<p>Ladislav Kyllar<br \/>Web: <a href=\"http:\/\/www.ladislavkyllar.com\" target=\"_blank\" rel=\"noopener\">ladislavkyllar.com<\/a><\/p>\n<p>Lenka Balounov\u00e1<br \/>Web: <a href=\"http:\/\/lenkabalounova.tumblr.com\/\" target=\"_blank\" rel=\"noopener\">lenkabalounova.tumblr.com\/<\/a><\/p>\n<p>Denisa Dimitri<br \/>Web: <a href=\"http:\/\/denisadimitri.tumblr.com\/\" target=\"_blank\" rel=\"noopener\">denisadimitri.tumblr.com<\/a><\/p>\n<p>Petra Bejdov\u00e1<br \/>Web: <a href=\"http:\/\/pebejportfolio.tumblr.com\/\" target=\"_blank\" rel=\"noopener\">pebejportfolio.tumblr.com<\/a><\/p>\n<p>Dita Havr\u00e1nkov\u00e1<br \/>Web: <a href=\"http:\/\/ditahavrankova.com\/\" target=\"_blank\" rel=\"noopener\">ditahavrankova.com<\/a><\/p>\n<p>Martin Nov\u00e1k<br \/>Web: <a href=\"http:\/\/novama.cz\/\" target=\"_blank\" rel=\"noopener\">novama.cz<\/a><\/p>\n<p>Tereza Kab\u016frkov\u00e1<br \/>Web: <a href=\"http:\/\/artlist.cz\/?id=1601\" target=\"_blank\" rel=\"noopener\">artist.cz<\/a><\/p>\n<p>Mark\u00e9ta Kinterov\u00e1<br \/>Web: <a href=\"http:\/\/artlist.cz\/?id=2568\" target=\"_blank\" rel=\"noopener\">artist.cz<\/a>,<a href=\"http:\/\/marketakinterova.cz\/\" target=\"_blank\" rel=\"noopener\"> marketakinterova.cz<\/a><\/p>\n<p>Tom\u00e1\u0161 Hr\u016fza<br \/>Web: <a href=\"http:\/\/artlist.cz\/?id=2382\" target=\"_blank\" rel=\"noopener\">artist.cz<\/a>, <a href=\"http:\/\/www.tomashruza.net\" target=\"_blank\" rel=\"noopener\">tomashruza.net<\/a><\/p>\n<p>Du\u0161an Skala<br \/>Web: <a href=\"http:\/\/artlist.cz\/?id=2452\" target=\"_blank\" rel=\"noopener\">artist.cz<\/a><\/p>\n<p>Daniela Dost\u00e1lkov\u00e1<br \/>Web: <a href=\"http:\/\/artlist.cz\/?id=482\" target=\"_blank\" rel=\"noopener\">artist.cz<\/a><\/p>\n<p>Lubom\u00edr Luk\u010do<br \/>Web: <a href=\"https:\/\/lubomirlukco.myportfolio.com\/\" target=\"_blank\" rel=\"noopener\">lubomirlukco.myportfolio.com<\/a><\/p>\n<p>Luk\u00e1\u0161 Kubec<br \/>Web: <a href=\"http:\/\/artlist.cz\/?id=1598\" target=\"_blank\" rel=\"noopener\">artist.cz<\/a><\/p>\n<p>Jan Les\u00e1k<br \/>Web: <a href=\"http:\/\/www.janlesak.com\" target=\"_blank\" rel=\"noopener\">janlesak.com<\/a><\/p>\n<p>V\u00e1clav Kopeck\u00fd<br \/>Web: <a href=\"http:\/\/www.vaclavkopecki.com\" target=\"_blank\" rel=\"noopener\">vaclavkopecki.com<\/a><\/p>\n<p>Filip \u0160ach a Tom\u00e1\u0161 Ludv\u00edk<br \/>Web: <a href=\"http:\/\/www.projektprojekt.cz\/kontakt.php\" target=\"_blank\" rel=\"noopener\">projektprojekt.cz<\/a><\/p>\n<p>Pavel Matela<br \/>Web:<a href=\"http:\/\/www.pavelmatela.com\/\" target=\"_blank\" rel=\"noopener\"> pavelmatela.com<\/a><\/p>\n<p>Leona Tel\u00ednov\u00e1<br \/>Web: <a href=\"http:\/\/www.hura.cz\/images\/!HURA\/portfolio\/lego2\/Portfolio%20Leona%20Telinova.htm\" target=\"_blank\" rel=\"noopener\">Leona Tel\u00ednov\u00e1<\/a><\/p>\n<p>Jan Freiberg<br \/>Web: <a href=\"http:\/\/artlist.cz\/?id=1484\" target=\"_blank\" rel=\"noopener\">artlist.cz<\/a><\/p>\n<p>Pudon (Radek a Zden\u011bk Kv\u011bto\u0148ov\u00e9)<br \/>Web: <a href=\"http:\/\/www.associace.eu\/cs\/andere-seite-studio\/category\/2.html\" target=\"_blank\" rel=\"noopener\">associace.eu<\/a><\/p>\n<\/div><\/div>\n\n\n\n<div class=\"wp-block-media-text alignwide is-stacked-on-mobile\"><figure class=\"wp-block-media-text__media\"><\/figure><div class=\"wp-block-media-text__content\">\n<p class=\"has-large-font-size\"><\/p>\n<\/div><\/div>\n\n\n\n<p><\/p>\n","protected":false},"excerpt":{"rendered":"<p>Lucie Urban Magdalena Dubnov\u00e1 Anna Min\u00e1\u0159ov\u00e1 Tereza Jobov\u00e1Jobova Kate\u0159ina Nov\u00e1\u010dkov\u00e1 Jarom\u00edr HarnaWeb: jaromirharna.com Petr Kub\u00e1\u010dWeb: kubacpetr.cz J\u00e1chym MyslivecMagaz\u00edn Fotograf Tereza Kunderov\u00e1IG Tereza Bonaventurov\u00e1Web: bonaventurova.com Marie Fi\u0161erov\u00e1Web: mariefiserova.cz Krist\u00fdn\u00e1 C\u00edsa\u0159ov\u00e1Web: kristynacisarova.tumblr.com Daniela \u0160r\u00e1mkov\u00e1Portfolio Pavel Matou\u0161ekWeb: pavelmatousek.cz Al\u017eb\u011bta Ko\u010dvarov\u00e1Web: alzbetakocvarova.com Mark\u00e9ta \u010cern\u00e1Web: marketa-m-cerna.tumblr.com Miroslav Chochl\u00edkWeb: miroslavch.blogspot.cz Franti\u0161ek Svato\u0161Web: www.artmap.cz\/frantisek-svatos Michal Koz\u00e1kWeb: kozakmichal.com Eva Pacalov\u00e1Web: www.yoyolo.cz Nikola Malenov\u00e1Web: [&hellip;]<\/p>\n","protected":false},"author":1,"featured_media":0,"parent":0,"menu_order":3,"comment_status":"closed","ping_status":"closed","template":"","meta":{"footnotes":""},"class_list":["post-936","page","type-page","status-publish","hentry"],"_links":{"self":[{"href":"https:\/\/fud.ujep.cz\/sites\/fotografie\/wp-json\/wp\/v2\/pages\/936","targetHints":{"allow":["GET"]}}],"collection":[{"href":"https:\/\/fud.ujep.cz\/sites\/fotografie\/wp-json\/wp\/v2\/pages"}],"about":[{"href":"https:\/\/fud.ujep.cz\/sites\/fotografie\/wp-json\/wp\/v2\/types\/page"}],"author":[{"embeddable":true,"href":"https:\/\/fud.ujep.cz\/sites\/fotografie\/wp-json\/wp\/v2\/users\/1"}],"replies":[{"embeddable":true,"href":"https:\/\/fud.ujep.cz\/sites\/fotografie\/wp-json\/wp\/v2\/comments?post=936"}],"version-history":[{"count":57,"href":"https:\/\/fud.ujep.cz\/sites\/fotografie\/wp-json\/wp\/v2\/pages\/936\/revisions"}],"predecessor-version":[{"id":3549,"href":"https:\/\/fud.ujep.cz\/sites\/fotografie\/wp-json\/wp\/v2\/pages\/936\/revisions\/3549"}],"wp:attachment":[{"href":"https:\/\/fud.ujep.cz\/sites\/fotografie\/wp-json\/wp\/v2\/media?parent=936"}],"curies":[{"name":"wp","href":"https:\/\/api.w.org\/{rel}","templated":true}]}}