{"id":1021,"date":"2017-10-28T15:34:43","date_gmt":"2017-10-28T15:34:43","guid":{"rendered":"http:\/\/fud.ujep.cz\/ateliery\/prirodni-materialy\/?page_id=1021"},"modified":"2025-01-06T10:55:53","modified_gmt":"2025-01-06T10:55:53","slug":"akce","status":"publish","type":"page","link":"https:\/\/fud.ujep.cz\/sites\/prirodni-materialy\/akce\/","title":{"rendered":"AKCE"},"content":{"rendered":"\r\n<p><strong>Masterwork 2024<\/strong>, Gal\u00e9ria FX, Bansk\u00e1 Bystrica | 10. 12. 2024 &#8211; 10. 1. 2025\u00a0<br \/>::<a href=\"https:\/\/fud.ujep.cz\/sites\/prirodni-materialy\/akce\/masterwork-galeria-fx-banska-bystrica-2024\/\">info<\/a>::<\/p>\r\n<p><strong>Pokoje 2024<\/strong>, Praha | 8. 11. &#8211; 17. 11. 2024<br \/>::<a href=\"https:\/\/fud.ujep.cz\/sites\/prirodni-materialy\/akce\/pokoje-praha-2024\/\">info<\/a>::<\/p>\r\n<p><strong>Z\u00e1znamy<\/strong>, Centrum kultury LOVO\u0161 \u2013 LOVOgalerie | 26. 9. &#8211; 25. 10. 2024<br \/><a href=\"https:\/\/fud.ujep.cz\/sites\/prirodni-materialy\/akce\/zaznamy-2024\/\">::info::<\/a><\/p>\r\n\r\n\r\n\r\n<p><strong>Iron Casting<\/strong>, Fakulta designu a um\u011bn\u00ed Ladislava Sutnara, Plze\u0148 | 5. 9. &#8211; 7. 10. 2024<br \/>::<a href=\"https:\/\/fud.ujep.cz\/sites\/prirodni-materialy\/akce\/iron-casting-fdu-zcu-plzen-2024\/\">info<\/a>::<\/p>\r\n\r\n\r\n\r\n<p><strong>Iron Casting: Core Molds-Spatial Form<\/strong>, Fakulta v\u00fdtvarn\u00fdch umen\u00ed Akad\u00e9mie umen\u00ed v Banskej Bystrici, Bansk\u00e1 Bystrica | 18. 9. &#8211; 27. 9. 2024<br \/>::<a href=\"https:\/\/fud.ujep.cz\/sites\/prirodni-materialy\/akce\/iron-casting-core-molds-spatial-form-banska-bystrica-2024\/\">info<\/a>::<\/p>\r\n<p><strong>Bakal\u00e1\u0159ky a diplomky FUD 2024<\/strong>, FUD UJEP, \u00dast\u00ed nad Labem | \u00a023. 5. \u2013 13. 6. 2024<br \/>::<a href=\"https:\/\/fud.ujep.cz\/aktualne\/bakalarky-diplomky-fud-2024\/\">info<\/a>::<\/p>\r\n<p><strong>Form\u00e1ty z\u00e1znamu<\/strong>, Na Kalv\u00e1rii, Ostr\u00e9 u \u00da\u0161t\u011bka | 30. 5. 2023<br \/>::<a href=\"https:\/\/duul.cz\/en\/formaty-zaznamu\/\">info<\/a>::<\/p>\r\n\r\n\r\n\r\n<p><strong>Diplomky FUD 2023<\/strong>, D\u016fm kultury \u00dast\u00ed nad Labem | 25.\u00a05. \u2013 29.\u00a06.\u00a02023<br \/>::<a href=\"https:\/\/fud.ujep.cz\/vystava-diplomky-23\/\">info<\/a>::<\/p>\r\n\r\n\r\n\r\n<p><strong>Pokoje 2022<\/strong>, Pal\u00e1c Hrz\u00e1n\u016f, Praha | 11. \u2013 20.\u00a011.\u00a02022<br \/>::<a href=\"https:\/\/fud.ujep.cz\/sites\/prirodni-materialy\/akce\/pokoje-2022\/\">info<\/a>::<\/p>\r\n\r\n\r\n\r\n<p><strong>Experiment litinou 2022<\/strong>, FUD UJEP | 12.3.-26.3.2022<br \/><a href=\"https:\/\/fud.ujep.cz\/sites\/prirodni-materialy\/litina-2022\/\">::foto::<\/a><\/p>\r\n\r\n\r\n\r\n<p><strong>V\u00fdsprava mlatu &#8211; praxe<\/strong>, Zubrnice | 16.-20.8. 2021<br \/>::<a href=\"https:\/\/fud.ujep.cz\/sites\/prirodni-materialy\/wp-content\/uploads\/2021\/10\/zubrnice21.jpg\">foto<\/a>::<\/p>\r\n\r\n\r\n\r\n<p><strong>P\u0159edm\u011bty doty\u010dn\u00e9<\/strong> Galerie FaVU Brno | 30.6.-28.7. 2021<br \/>::<a href=\"https:\/\/artalk.cz\/2021\/07\/28\/predmety-dotycne\/\">foto<\/a>::<\/p>\r\n\r\n\r\n\r\n<p><strong>Crashtest 11\/Na rozhran\u00ed<\/strong> Muzeum um\u011bn\u00ed a designu Bene\u0161ov | 5.6.-31.10. 2021<br \/>::<a href=\"https:\/\/www.czechdesign.cz\/kalendar-akci\/vystava-crashtest-11-na-rozhrani\">foto<\/a>::<\/p>\r\n\r\n\r\n\r\n<p><strong>Zmizel\u00e9 t\u011bleso &amp; Reveil 8 <\/strong>Most | 1. 5.-2. 5. 2021<strong><br \/><\/strong>::<a href=\"https:\/\/www.facebook.com\/NadacePromeny\/photos\/pcb.3459256744174375\/3459248727508510\">foto<\/a>::<\/p>\r\n\r\n\r\n\r\n<p><strong>Sympozium <span class=\"d2edcug0 hpfvmrgz qv66sw1b c1et5uql rrkovp55 a8c37x1j keod5gw0 nxhoafnm aigsh9s9 d3f4x2em fe6kdd0r mau55g9w c8b282yb iv3no6db jq4qci2q a3bd9o3v knj5qynh oo9gr5id hzawbc8m\" dir=\"auto\">&#8220;Krajina s n\u00e1bytkem&#8221;<\/span>\u00a0<\/strong>Obec Chotim\u011b\u0159 | 7. 9.-13. 9. 2020<strong><br \/><\/strong>::<a href=\"https:\/\/www.facebook.com\/media\/set\/?vanity=ObecChotimeraokoli&amp;set=a.674981073105039\">foto<\/a>::<\/p>\r\n\r\n\r\n\r\n<p><strong>Experiment litinou <\/strong>D\u016fm um\u011bn\u00ed \u00dast\u00ed nad Labem | 9. 6.-23. 8. 2020<strong><br \/><\/strong>::<a href=\"https:\/\/duul.cz\/wp\/wp-content\/uploads\/2020\/06\/galerie2_litina_a2_final2.pdf\">pozv\u00e1nka<\/a>:::<a href=\"https:\/\/duul.cz\/experiment-litinou\/\">foto<\/a>::<\/p>\r\n\r\n\r\n\r\n<p><strong>Litina 2019<\/strong> Fakulta um\u011bn\u00ed a designu UJEP | 1. 12.-13. 12. 2019<br \/>::<a href=\"https:\/\/fud.ujep.cz\/aktualne\/litina-2019-workshopy-prednasky\/\">pozv\u00e1nka<\/a>::<\/p>\r\n\r\n\r\n\r\n<p><strong>P\u0159ehl\u00eddka Pokoje<\/strong>\u00a0Desfoursk\u00fd pal\u00e1c, Na Florenci 21, Praha 1 | 8. 11.-17. 11. 2019<br \/>::<a href=\"https:\/\/fud.ujep.cz\/wp\/wp-content\/uploads\/2019\/11\/74456379_1676778549125446_6879857667624402944_o.png\">pozv\u00e1nka<\/a>::::<a href=\"https:\/\/www.prehlidkapokoje.cz\/\">web<\/a>::<\/p>\r\n\r\n\r\n\r\n<p><strong>Sympozium Vale\u010d <\/strong>St\u00e1tn\u00ed z\u00e1mek Vale\u010d | 25. 3.-31. 3. 2019<br \/>::<a href=\"https:\/\/www.valec.cz\/evt_image.php?img=606\">pozv\u00e1nka<\/a>::::<a href=\"https:\/\/www.facebook.com\/media\/set\/?vanity=prirodnimaterialyFUD&amp;set=a.1097444613774127\">foto<\/a>::<\/p>\r\n\r\n\r\n\r\n<p><strong>Monument\u00e1ln\u00ed topografie<\/strong> Galerie E. Filly, DUUL, Hrani\u010d\u00e1\u0159 a ve\u0159ejn\u00fd prostor m\u011bsta \u00dast\u00ed nad Labem | 24. 10.-6. 12. 2018<br \/>::<a href=\"https:\/\/monumentalnitopografie.cz\/\">web<\/a>::<\/p>\r\n\r\n\r\n\r\n<p><strong>Strom a \u010dlov\u011bk v krajin\u011b \u010cesk\u00e9ho st\u0159edoho\u0159\u00ed<\/strong> Region\u00e1ln\u00ed muzeum v Teplic\u00edch | 14. 9.-18. 11. 2018<br \/>::<a href=\"http:\/\/fud.ujep.cz\/ateliery\/prirodni-materialy\/wp-content\/uploads\/2018\/09\/Strom-a-clovek-v-krajine-POZVANKA.jpg\">pozv\u00e1nka<\/a>::<\/p>\r\n\r\n\r\n\r\n<p><strong>Kurz pleten\u00ed ko\u0161\u00edk\u016f<\/strong> Zubrnice | 9. 4.-13. 4. 2018<br \/>::<a href=\"https:\/\/www.facebook.com\/234752073376723\/photos\/a.863972103788047.1073741857.234752073376723\/863972627121328\/?type=3&amp;notif_id=1524164843846534&amp;notif_t=page_post_reaction&amp;ref=notif\">foto<\/a>::<\/p>\r\n\r\n\r\n\r\n<p><strong>Tv\u00e1\u0159 krajiny<\/strong>\u00a0Galerie Hrani\u010d\u00e1\u0159, \u00dast\u00ed nad Labem | 1. 3. 2018-20. 7. 2018<br \/>::<a href=\"https:\/\/hranicar-usti.cz\/program\/tvar-krajiny\/\">pozv\u00e1nka<\/a>:::foto::<\/p>\r\n\r\n\r\n\r\n<p><b>Shelly Bancroft and Peter Nesbett (Triple Candie)-LET THE ARTISTS DIE<\/b> FUD UJEP v \u00dast\u00ed n. L. | 21. 11. 2017<br \/>::<a href=\"http:\/\/fud.ujep.cz\/aktualne\/shelly-bancroft-a-peter-nesbett-let-the-artists-die\/\">pozv\u00e1nka<\/a>::<\/p>\r\n\r\n\r\n\r\n<p><strong>Pokoje VI.<\/strong>, Hybernsk\u00e1 4, Praha 1 | 10. 11.-19. 11. 2017<br \/>::<a href=\"https:\/\/www.facebook.com\/events\/1568580313201492\/\">pozv\u00e1nka<\/a>:::<a href=\"http:\/\/fud.ujep.cz\/ateliery\/prirodni-materialy\/pokoje-vi-praha-2017\/\">foto<\/a>::<\/p>\r\n\r\n\r\n\r\n<p><strong>Identifying Centres <\/strong>Galerie Berl\u00ednskej model, Praha | 21. 10. 2017<br \/>::<a href=\"http:\/\/www.berlinskejmodel.cz\/index.php?\/archiv\/identifying-centres\/\">pozv\u00e1nka<\/a>:::<a href=\"http:\/\/fud.ujep.cz\/ateliery\/prirodni-materialy\/identifying-centres-usti-nad-labempraha-2017\/\">foto<\/a>::<\/p>\r\n\r\n\r\n\r\n<p><strong>Decentralized Identity<\/strong> Galleriet, Ume\u00e5 (SWE) |\u00a0 7. 10. 2017<br \/>::<a href=\"https:\/\/www.facebook.com\/events\/1936816409921148\/?acontext=%7B%22action_history%22%3A%22null%22%7D\">pozv\u00e1nka<\/a>:::<a href=\"http:\/\/fud.ujep.cz\/ateliery\/prirodni-materialy\/decentralized-identity-umea-swe-2017\/\">foto<\/a>::<\/p>\r\n","protected":false},"excerpt":{"rendered":"<p>Masterwork 2024, Gal\u00e9ria FX, Bansk\u00e1 Bystrica | 10. 12. 2024 &#8211; 10. 1. 2025\u00a0::info:: Pokoje 2024, Praha | 8. 11. &#8211; 17. 11. 2024::info:: Z\u00e1znamy, Centrum kultury LOVO\u0161 \u2013 LOVOgalerie | 26. 9. &#8211; 25. 10. 2024::info:: Iron Casting, Fakulta designu a um\u011bn\u00ed Ladislava Sutnara, Plze\u0148 | 5. 9. &#8211; 7. 10. 2024::info:: Iron Casting: &hellip; <\/p>\n<p class=\"link-more\"><a href=\"https:\/\/fud.ujep.cz\/sites\/prirodni-materialy\/akce\/\" class=\"more-link\">Continue reading<span class=\"screen-reader-text\"> &#8220;AKCE&#8221;<\/span><\/a><\/p>\n","protected":false},"author":1,"featured_media":0,"parent":0,"menu_order":0,"comment_status":"closed","ping_status":"closed","template":"","meta":[],"_links":{"self":[{"href":"https:\/\/fud.ujep.cz\/sites\/prirodni-materialy\/wp-json\/wp\/v2\/pages\/1021"}],"collection":[{"href":"https:\/\/fud.ujep.cz\/sites\/prirodni-materialy\/wp-json\/wp\/v2\/pages"}],"about":[{"href":"https:\/\/fud.ujep.cz\/sites\/prirodni-materialy\/wp-json\/wp\/v2\/types\/page"}],"author":[{"embeddable":true,"href":"https:\/\/fud.ujep.cz\/sites\/prirodni-materialy\/wp-json\/wp\/v2\/users\/1"}],"replies":[{"embeddable":true,"href":"https:\/\/fud.ujep.cz\/sites\/prirodni-materialy\/wp-json\/wp\/v2\/comments?post=1021"}],"version-history":[{"count":43,"href":"https:\/\/fud.ujep.cz\/sites\/prirodni-materialy\/wp-json\/wp\/v2\/pages\/1021\/revisions"}],"predecessor-version":[{"id":2724,"href":"https:\/\/fud.ujep.cz\/sites\/prirodni-materialy\/wp-json\/wp\/v2\/pages\/1021\/revisions\/2724"}],"wp:attachment":[{"href":"https:\/\/fud.ujep.cz\/sites\/prirodni-materialy\/wp-json\/wp\/v2\/media?parent=1021"}],"curies":[{"name":"wp","href":"https:\/\/api.w.org\/{rel}","templated":true}]}}